Last updated on 2023-06-07 08:01:49 CEST.
Flavor | Version | Tinstall | Tcheck | Ttotal | Status | Flags |
---|---|---|---|---|---|---|
r-devel-linux-x86_64-debian-clang | 1.1 | 39.80 | 164.51 | 204.31 | OK | |
r-devel-linux-x86_64-debian-gcc | 1.1 | 34.67 | 123.63 | 158.30 | OK | |
r-devel-linux-x86_64-fedora-clang | 1.1 | 284.89 | NOTE | |||
r-devel-linux-x86_64-fedora-gcc | 1.1 | 268.25 | NOTE | |||
r-devel-windows-x86_64 | 1.1 | 38.00 | 147.00 | 185.00 | OK | |
r-patched-linux-x86_64 | 1.1 | 34.27 | 154.71 | 188.98 | OK | |
r-release-linux-x86_64 | 1.1 | 38.16 | 154.75 | 192.91 | OK | |
r-release-macos-arm64 | 1.1 | 84.00 | OK | |||
r-release-macos-x86_64 | 1.1 | 129.00 | OK | |||
r-release-windows-x86_64 | 1.1 | 46.00 | 175.00 | 221.00 | OK | |
r-oldrel-macos-arm64 | 1.1 | 110.00 | NOTE | |||
r-oldrel-macos-x86_64 | 1.1 | 193.00 | NOTE | |||
r-oldrel-windows-x86_64 | 1.1 | 46.00 | 169.00 | 215.00 | OK |
Version: 1.1
Check: dependencies in R code
Result: NOTE
Namespace in Imports field not imported from: ‘RcppProgress’
All declared Imports should be used.
Flavors: r-devel-linux-x86_64-fedora-clang, r-devel-linux-x86_64-fedora-gcc, r-oldrel-macos-arm64, r-oldrel-macos-x86_64