CRAN Package Check Results for Package fingerPro

Last updated on 2019-12-07 00:53:32 CET.

Flavor Version Tinstall Tcheck Ttotal Status Flags
r-devel-linux-x86_64-debian-clang 1.1 35.42 123.12 158.54 OK
r-devel-linux-x86_64-debian-gcc 1.1 27.92 95.75 123.67 OK
r-devel-linux-x86_64-fedora-clang 1.1 184.24 NOTE
r-devel-linux-x86_64-fedora-gcc 1.1 198.07 NOTE
r-devel-windows-ix86+x86_64 1.1 83.00 260.00 343.00 OK
r-devel-windows-ix86+x86_64-gcc8 1.1 95.00 192.00 287.00 OK
r-patched-linux-x86_64 1.1 29.92 110.18 140.10 OK
r-patched-solaris-x86 1.1 281.00 NOTE
r-release-linux-x86_64 1.1 30.17 111.05 141.22 OK
r-release-windows-ix86+x86_64 1.1 86.00 175.00 261.00 OK
r-release-osx-x86_64 1.1 WARN
r-oldrel-windows-ix86+x86_64 1.1 76.00 168.00 244.00 OK
r-oldrel-osx-x86_64 1.1 WARN

Check Details

Version: 1.1
Check: dependencies in R code
Result: NOTE
    Namespace in Imports field not imported from: ‘RcppProgress’
     All declared Imports should be used.
Flavors: r-devel-linux-x86_64-fedora-clang, r-devel-linux-x86_64-fedora-gcc, r-patched-solaris-x86, r-release-osx-x86_64, r-oldrel-osx-x86_64

Version: 1.1
Check: whether package can be installed
Result: WARN
    Found the following significant warnings:
     Warning: 'rgl_init' failed, running with rgl.useNULL = TRUE
Flavors: r-release-osx-x86_64, r-oldrel-osx-x86_64