CRAN Package Check Results for Package firebehavioR

Last updated on 2021-12-03 00:48:41 CET.

Flavor Version Tinstall Tcheck Ttotal Status Flags
r-devel-linux-x86_64-debian-clang 0.1.2 5.95 91.88 97.83 OK
r-devel-linux-x86_64-debian-gcc 0.1.2 3.62 41.93 45.55 ERROR
r-devel-linux-x86_64-fedora-clang 0.1.2 124.03 OK
r-devel-linux-x86_64-fedora-gcc 0.1.2 72.60 ERROR
r-devel-windows-x86_64-new-UL 0.1.2 16.00 136.00 152.00 OK
r-devel-windows-x86_64-new-TK 0.1.2 OK
r-devel-windows-x86_64-old 0.1.2 11.00 90.00 101.00 OK
r-patched-linux-x86_64 0.1.2 5.99 83.76 89.75 OK
r-patched-solaris-x86 0.1.2 99.10 OK
r-release-linux-x86_64 0.1.2 4.80 83.84 88.64 OK
r-release-macos-arm64 0.1.2 OK
r-release-macos-x86_64 0.1.2 OK
r-release-windows-ix86+x86_64 0.1.2 16.00 114.00 130.00 OK
r-oldrel-macos-x86_64 0.1.2 OK
r-oldrel-windows-ix86+x86_64 0.1.2 16.00 114.00 130.00 OK

Check Details

Version: 0.1.2
Check: examples
Result: ERROR
    Running examples in ‘firebehavioR-Ex.R’ failed
    The error most likely occurred in:
    
    > base::assign(".ptime", proc.time(), pos = "CheckExEnv")
    > ### Name: rothermel
    > ### Title: Rothermel Fire Behavior Modeling System
    > ### Aliases: rothermel
    >
    > ### ** Examples
    >
    > data(fuelModels, fuelMoisture)
    > #fuelModels['A10',]
    > exampSurfFuel = fuelModels['A10',]
    >
    > #fuelMoisture['D1L1',]
    > exampFuelMoisture = fuelMoisture['D1L1',]
    >
    > exampCrownFuel = data.frame(
    + CBD = coForest$cbd_kgm3[1],
    + FMC = 100,
    + CBH = coForest$cbh_m[1],
    + CFL = coForest$cfl_kgm2[1]
    + )
    >
    > exampEnviro = data.frame(
    + slope = 10,
    + windspeed = 40,
    + direction = 0,
    + waf = 0.2
    + )
    > rothermel(exampSurfFuel, exampFuelMoisture, exampCrownFuel, exampEnviro)
    Error in `[.data.frame`(surfFuel, , 2) : undefined columns selected
    Calls: rothermel -> cbind -> [ -> [.data.frame
    Execution halted
Flavor: r-devel-linux-x86_64-debian-gcc

Version: 0.1.2
Check: re-building of vignette outputs
Result: WARN
    Error(s) in re-building vignettes:
     ...
    --- re-building ‘firebehavioR.Rmd’ using rmarkdown
    Quitting from lines 149-174 (firebehavioR.Rmd)
    Error: processing vignette ‘firebehavioR.Rmd’ failed with diagnostics:
    arguments imply differing number of rows: 14, 4
    --- failed re-building ‘firebehavioR.Rmd’
    
    SUMMARY: processing the following file failed:
     ‘firebehavioR.Rmd’
    
    Error: Vignette re-building failed.
    Execution halted
Flavor: r-devel-linux-x86_64-debian-gcc

Version: 0.1.2
Check: examples
Result: ERROR
    Running examples in ‘firebehavioR-Ex.R’ failed
    The error most likely occurred in:
    
    > ### Name: rothermel
    > ### Title: Rothermel Fire Behavior Modeling System
    > ### Aliases: rothermel
    >
    > ### ** Examples
    >
    > data(fuelModels, fuelMoisture)
    > #fuelModels['A10',]
    > exampSurfFuel = fuelModels['A10',]
    >
    > #fuelMoisture['D1L1',]
    > exampFuelMoisture = fuelMoisture['D1L1',]
    >
    > exampCrownFuel = data.frame(
    + CBD = coForest$cbd_kgm3[1],
    + FMC = 100,
    + CBH = coForest$cbh_m[1],
    + CFL = coForest$cfl_kgm2[1]
    + )
    >
    > exampEnviro = data.frame(
    + slope = 10,
    + windspeed = 40,
    + direction = 0,
    + waf = 0.2
    + )
    > rothermel(exampSurfFuel, exampFuelMoisture, exampCrownFuel, exampEnviro)
    Error in `[.data.frame`(surfFuel, , 2) : undefined columns selected
    Calls: rothermel -> cbind -> [ -> [.data.frame
    Execution halted
Flavor: r-devel-linux-x86_64-fedora-gcc

Version: 0.1.2
Check: re-building of vignette outputs
Result: WARN
    Error(s) in re-building vignettes:
    --- re-building ‘firebehavioR.Rmd’ using rmarkdown
    Quitting from lines 149-174 (firebehavioR.Rmd)
    Error: processing vignette 'firebehavioR.Rmd' failed with diagnostics:
    arguments imply differing number of rows: 14, 4
    --- failed re-building ‘firebehavioR.Rmd’
    
    SUMMARY: processing the following file failed:
     ‘firebehavioR.Rmd’
    
    Error: Vignette re-building failed.
    Execution halted
Flavor: r-devel-linux-x86_64-fedora-gcc