CRAN Package Check Results for Package fitbitr

Last updated on 2023-01-30 01:53:31 CET.

Flavor Version Tinstall Tcheck Ttotal Status Flags
r-devel-linux-x86_64-debian-clang 0.2.0 6.47 60.76 67.23 OK
r-devel-linux-x86_64-debian-gcc 0.2.0 5.44 45.46 50.90 OK
r-devel-linux-x86_64-fedora-clang 0.2.0 81.07 NOTE
r-devel-linux-x86_64-fedora-gcc 0.2.0 80.24 NOTE
r-devel-windows-x86_64 0.2.0 34.00 95.00 129.00 OK
r-patched-linux-x86_64 0.2.0 7.73 58.85 66.58 OK
r-release-linux-x86_64 0.2.0 5.46 59.45 64.91 OK
r-release-macos-arm64 0.2.0 23.00 NOTE
r-release-macos-x86_64 0.2.0 52.00 NOTE
r-release-windows-x86_64 0.2.0 22.00 95.00 117.00 OK
r-oldrel-macos-arm64 0.2.0 34.00 NOTE
r-oldrel-macos-x86_64 0.2.0 39.00 NOTE
r-oldrel-windows-ix86+x86_64 0.2.0 17.00 82.00 99.00 OK

Check Details

Version: 0.2.0
Check: dependencies in R code
Result: NOTE
    Namespace in Imports field not imported from: ‘jsonlite’
     All declared Imports should be used.
Flavors: r-devel-linux-x86_64-fedora-clang, r-devel-linux-x86_64-fedora-gcc, r-release-macos-arm64, r-release-macos-x86_64, r-oldrel-macos-arm64, r-oldrel-macos-x86_64