CRAN Package Check Results for Package fitbitr

Last updated on 2022-06-26 01:48:49 CEST.

Flavor Version Tinstall Tcheck Ttotal Status Flags
r-devel-linux-x86_64-debian-clang 0.2.0 6.88 62.84 69.72 OK
r-devel-linux-x86_64-debian-gcc 0.2.0 5.30 45.88 51.18 OK
r-devel-linux-x86_64-fedora-clang 0.2.0 92.39 NOTE
r-devel-linux-x86_64-fedora-gcc 0.2.0 90.05 NOTE
r-devel-windows-x86_64 0.2.0 24.00 89.00 113.00 OK
r-patched-linux-x86_64 0.2.0 6.59 57.90 64.49 OK
r-release-linux-x86_64 0.2.0 6.29 57.70 63.99 OK
r-release-macos-arm64 0.2.0 23.00 NOTE
r-release-macos-x86_64 0.2.0 52.00 NOTE
r-release-windows-x86_64 0.2.0 27.00 85.00 112.00 OK
r-oldrel-macos-arm64 0.2.0 34.00 NOTE
r-oldrel-macos-x86_64 0.2.0 39.00 NOTE
r-oldrel-windows-ix86+x86_64 0.2.0 16.00 77.00 93.00 OK

Check Details

Version: 0.2.0
Check: dependencies in R code
Result: NOTE
    Namespace in Imports field not imported from: ‘jsonlite’
     All declared Imports should be used.
Flavors: r-devel-linux-x86_64-fedora-clang, r-devel-linux-x86_64-fedora-gcc, r-release-macos-arm64, r-release-macos-x86_64, r-oldrel-macos-arm64, r-oldrel-macos-x86_64