CRAN Package Check Results for Package fitdistrplus

Last updated on 2020-07-10 01:49:01 CEST.

Flavor Version Tinstall Tcheck Ttotal Status Flags
r-devel-linux-x86_64-debian-clang 1.1-1 17.66 392.03 409.69 OK
r-devel-linux-x86_64-debian-gcc 1.1-1 14.96 291.94 306.90 OK
r-devel-linux-x86_64-fedora-clang 1.1-1 479.98 NOTE
r-devel-linux-x86_64-fedora-gcc 1.1-1 524.09 OK
r-devel-windows-ix86+x86_64 1.1-1 24.00 448.00 472.00 OK
r-patched-linux-x86_64 1.1-1 18.36 379.39 397.75 OK
r-patched-solaris-x86 1.1-1 693.40 OK
r-release-linux-x86_64 1.1-1 17.57 377.71 395.28 OK
r-release-osx-x86_64 1.1-1 OK
r-release-windows-ix86+x86_64 1.1-1 27.00 425.00 452.00 OK
r-oldrel-osx-x86_64 1.1-1 OK
r-oldrel-windows-ix86+x86_64 1.1-1 32.00 396.00 428.00 OK

Check Details

Version: 1.1-1
Check: Rd cross-references
Result: NOTE
    Undeclared package ‘Hmisc’ in Rd xrefs
Flavor: r-devel-linux-x86_64-fedora-clang