CRAN Package Check Results for Package fitteR

Last updated on 2021-06-22 01:49:14 CEST.

Flavor Version Tinstall Tcheck Ttotal Status Flags
r-devel-linux-x86_64-debian-clang 0.1.0 5.74 66.93 72.67 NOTE
r-devel-linux-x86_64-debian-gcc 0.1.0 4.81 49.88 54.69 NOTE
r-devel-linux-x86_64-fedora-clang 0.1.0 97.85 NOTE
r-devel-linux-x86_64-fedora-gcc 0.1.0 83.06 NOTE
r-devel-windows-x86_64 0.1.0 11.00 64.00 75.00 OK
r-devel-windows-x86_64-gcc10-UCRT 0.1.0 NOTE
r-patched-linux-x86_64 0.1.0 6.30 62.84 69.14 NOTE
r-patched-solaris-x86 0.1.0 123.10 NOTE
r-release-linux-x86_64 0.1.0 5.39 63.26 68.65 NOTE
r-release-macos-arm64 0.1.0 NOTE
r-release-macos-x86_64 0.1.0 NOTE
r-release-windows-ix86+x86_64 0.1.0 17.00 93.00 110.00 OK
r-oldrel-macos-x86_64 0.1.0 NOTE

Check Details

Version: 0.1.0
Check: package dependencies
Result: NOTE
    Package suggested but not available for checking: 'ihs'
Flavors: r-devel-linux-x86_64-debian-clang, r-devel-linux-x86_64-debian-gcc, r-devel-linux-x86_64-fedora-clang, r-devel-linux-x86_64-fedora-gcc, r-devel-windows-x86_64-gcc10-UCRT, r-patched-linux-x86_64, r-patched-solaris-x86, r-release-linux-x86_64, r-release-macos-arm64, r-release-macos-x86_64

Version: 0.1.0
Check: package dependencies
Result: NOTE
    Package suggested but not available for checking: ‘ExtDist’
Flavor: r-oldrel-macos-x86_64