CRAN Package Check Results for Package fivethirtyeight

Last updated on 2019-10-19 01:50:12 CEST.

Flavor Version Tinstall Tcheck Ttotal Status Flags
r-devel-linux-x86_64-debian-clang 0.5.0 7.87 54.62 62.49 OK
r-devel-linux-x86_64-debian-gcc 0.5.0 6.61 43.58 50.19 OK
r-devel-linux-x86_64-fedora-clang 0.5.0 79.38 NOTE
r-devel-linux-x86_64-fedora-gcc 0.5.0 76.04 NOTE
r-devel-windows-ix86+x86_64 0.5.0 24.00 82.00 106.00 OK
r-patched-linux-x86_64 0.5.0 6.86 53.89 60.75 OK
r-patched-solaris-x86 0.5.0 96.30 NOTE
r-release-linux-x86_64 0.5.0 7.32 54.95 62.27 OK
r-release-windows-ix86+x86_64 0.5.0 12.00 131.00 143.00 OK
r-release-osx-x86_64 0.5.0 NOTE
r-oldrel-windows-ix86+x86_64 0.5.0 12.00 72.00 84.00 OK
r-oldrel-osx-x86_64 0.5.0 NOTE

Check Details

Version: 0.5.0
Check: data for non-ASCII characters
Result: NOTE
     Note: found 489 marked UTF-8 strings
Flavors: r-devel-linux-x86_64-fedora-clang, r-devel-linux-x86_64-fedora-gcc, r-patched-solaris-x86, r-release-osx-x86_64, r-oldrel-osx-x86_64

Version: 0.5.0
Check: installed package size
Result: NOTE
     installed size is 5.3Mb
     sub-directories of 1Mb or more:
     data 4.0Mb
Flavor: r-patched-solaris-x86