CRAN Package Check Results for Package fivethirtyeight

Last updated on 2020-05-29 01:50:09 CEST.

Flavor Version Tinstall Tcheck Ttotal Status Flags
r-devel-linux-x86_64-debian-clang 0.5.0 7.96 61.04 69.00 OK
r-devel-linux-x86_64-debian-gcc 0.5.0 6.77 48.38 55.15 OK
r-devel-linux-x86_64-fedora-clang 0.5.0 83.27 NOTE
r-devel-linux-x86_64-fedora-gcc 0.5.0 82.28 NOTE
r-devel-windows-ix86+x86_64 0.5.0 26.00 117.00 143.00 OK
r-patched-linux-x86_64 0.5.0 7.97 61.02 68.99 OK
r-patched-solaris-x86 0.5.0 115.70 NOTE
r-release-linux-x86_64 0.5.0 7.12 60.62 67.74 OK
r-release-osx-x86_64 0.5.0 NOTE
r-release-windows-ix86+x86_64 0.5.0 17.00 121.00 138.00 OK
r-oldrel-osx-x86_64 0.5.0 NOTE
r-oldrel-windows-ix86+x86_64 0.5.0 22.00 96.00 118.00 OK

Check Details

Version: 0.5.0
Check: data for non-ASCII characters
Result: NOTE
     Note: found 489 marked UTF-8 strings
Flavors: r-devel-linux-x86_64-fedora-clang, r-devel-linux-x86_64-fedora-gcc, r-patched-solaris-x86, r-release-osx-x86_64, r-oldrel-osx-x86_64

Version: 0.5.0
Check: installed package size
Result: NOTE
     installed size is 5.3Mb
     sub-directories of 1Mb or more:
     data 4.0Mb
Flavor: r-patched-solaris-x86