CRAN Package Check Results for Package fixest

Last updated on 2019-12-07 00:53:32 CET.

Flavor Version Tinstall Tcheck Ttotal Status Flags
r-devel-linux-x86_64-debian-clang 0.2.1 76.75 81.36 158.11 OK
r-devel-linux-x86_64-debian-gcc 0.2.1 59.12 61.25 120.37 OK
r-devel-linux-x86_64-fedora-clang 0.2.1 212.76 NOTE
r-devel-linux-x86_64-fedora-gcc 0.2.1 222.22 OK
r-devel-windows-ix86+x86_64 0.2.1 133.00 149.00 282.00 OK
r-devel-windows-ix86+x86_64-gcc8 0.2.1 143.00 125.00 268.00 OK
r-patched-linux-x86_64 0.2.1 57.57 73.11 130.68 OK
r-patched-solaris-x86 0.2.1 206.80 OK
r-release-linux-x86_64 0.2.1 60.97 73.41 134.38 OK
r-release-windows-ix86+x86_64 0.2.1 181.00 112.00 293.00 OK
r-release-osx-x86_64 0.2.1 OK
r-oldrel-windows-ix86+x86_64 0.2.1 113.00 98.00 211.00 OK
r-oldrel-osx-x86_64 0.2.1 OK

Check Details

Version: 0.2.1
Check: installed package size
Result: NOTE
     installed size is 5.8Mb
     sub-directories of 1Mb or more:
     libs 3.8Mb
Flavor: r-devel-linux-x86_64-fedora-clang