CRAN Package Check Results for Package fixest

Last updated on 2020-07-03 01:49:02 CEST.

Flavor Version Tinstall Tcheck Ttotal Status Flags
r-devel-linux-x86_64-debian-clang 0.5.1 89.22 104.63 193.85 OK
r-devel-linux-x86_64-debian-gcc 0.5.1 70.44 77.17 147.61 OK
r-devel-linux-x86_64-fedora-clang 0.5.1 265.05 NOTE
r-devel-linux-x86_64-fedora-gcc 0.5.1 240.69 OK
r-devel-windows-ix86+x86_64 0.5.1 202.00 191.00 393.00 NOTE
r-patched-linux-x86_64 0.5.1 77.96 101.97 179.93 OK
r-patched-solaris-x86 0.5.1 249.90 OK
r-release-linux-x86_64 0.5.1 75.74 101.53 177.27 OK
r-release-osx-x86_64 0.5.1 NOTE
r-release-windows-ix86+x86_64 0.5.1 157.00 158.00 315.00 NOTE
r-oldrel-osx-x86_64 0.5.1 NOTE
r-oldrel-windows-ix86+x86_64 0.5.1 163.00 178.00 341.00 OK

Check Details

Version: 0.5.1
Check: installed package size
Result: NOTE
     installed size is 7.5Mb
     sub-directories of 1Mb or more:
     libs 5.2Mb
Flavors: r-devel-linux-x86_64-fedora-clang, r-devel-windows-ix86+x86_64, r-release-osx-x86_64, r-release-windows-ix86+x86_64, r-oldrel-osx-x86_64