CRAN Package Check Results for Package flatxml

Last updated on 2021-11-30 00:51:29 CET.

Flavor Version Tinstall Tcheck Ttotal Status Flags
r-devel-linux-x86_64-debian-clang 0.1.1 2.96 42.60 45.56 NOTE
r-devel-linux-x86_64-debian-gcc 0.1.1 2.45 32.11 34.56 NOTE
r-devel-linux-x86_64-fedora-clang 0.1.1 65.97 NOTE
r-devel-linux-x86_64-fedora-gcc 0.1.1 54.75 NOTE
r-devel-windows-x86_64-new-UL 0.1.1 9.00 84.00 93.00 NOTE
r-devel-windows-x86_64-new-TK 0.1.1 NOTE
r-devel-windows-x86_64-old 0.1.1 5.00 50.00 55.00 NOTE
r-patched-linux-x86_64 0.1.1 3.59 41.46 45.05 NOTE
r-patched-solaris-x86 0.1.1 74.90 NOTE
r-release-linux-x86_64 0.1.1 2.82 42.11 44.93 NOTE
r-release-macos-arm64 0.1.1 NOTE
r-release-macos-x86_64 0.1.1 NOTE
r-release-windows-ix86+x86_64 0.1.1 6.00 46.00 52.00 NOTE
r-oldrel-macos-x86_64 0.1.1 NOTE
r-oldrel-windows-ix86+x86_64 0.1.1 5.00 59.00 64.00 OK

Check Details

Version: 0.1.1
Check: LazyData
Result: NOTE
     'LazyData' is specified without a 'data' directory
Flavors: r-devel-linux-x86_64-debian-clang, r-devel-linux-x86_64-debian-gcc, r-devel-linux-x86_64-fedora-clang, r-devel-linux-x86_64-fedora-gcc, r-devel-windows-x86_64-new-UL, r-devel-windows-x86_64-new-TK, r-devel-windows-x86_64-old, r-patched-linux-x86_64, r-patched-solaris-x86, r-release-linux-x86_64, r-release-macos-arm64, r-release-macos-x86_64, r-release-windows-ix86+x86_64

Version: 0.1.1
Check: dependencies in R code
Result: NOTE
    Namespace in Imports field not imported from: ‘RCurl’
     All declared Imports should be used.
Flavors: r-devel-linux-x86_64-fedora-clang, r-devel-linux-x86_64-fedora-gcc, r-devel-windows-x86_64-new-TK, r-patched-solaris-x86, r-release-macos-arm64, r-release-macos-x86_64, r-oldrel-macos-x86_64