Last updated on 2023-03-22 05:52:26 CET.
Flavor | Version | Tinstall | Tcheck | Ttotal | Status | Flags |
---|---|---|---|---|---|---|
r-devel-linux-x86_64-debian-clang | 1.4-1 | 14.35 | 91.45 | 105.80 | NOTE | |
r-devel-linux-x86_64-debian-gcc | 1.4-1 | 9.98 | 69.30 | 79.28 | NOTE | |
r-devel-linux-x86_64-fedora-clang | 1.4-1 | 129.57 | NOTE | |||
r-devel-linux-x86_64-fedora-gcc | 1.4-1 | 122.11 | NOTE | |||
r-devel-windows-x86_64 | 1.4-1 | 94.00 | 127.00 | 221.00 | NOTE | |
r-patched-linux-x86_64 | 1.4-1 | 10.93 | 84.72 | 95.65 | OK | |
r-release-linux-x86_64 | 1.4-1 | 14.20 | 84.93 | 99.13 | OK | |
r-release-macos-arm64 | 1.4-1 | 37.00 | OK | |||
r-release-macos-x86_64 | 1.4-1 | 58.00 | OK | |||
r-release-windows-x86_64 | 1.4-1 | 63.00 | 131.00 | 194.00 | OK | |
r-oldrel-macos-arm64 | 1.4-1 | 36.00 | OK | |||
r-oldrel-macos-x86_64 | 1.4-1 | 59.00 | OK | |||
r-oldrel-windows-ix86+x86_64 | 1.4-1 | 30.00 | 149.00 | 179.00 | OK |
Version: 1.4-1
Check: Rd files
Result: NOTE
checkRd: (-1) cclust.Rd:78: Escaped LaTeX specials: \&
checkRd: (-1) randIndex.Rd:53: Escaped LaTeX specials: \&
checkRd: (-1) vacmot.Rd:25: Escaped LaTeX specials: \&
checkRd: (-1) vacmot.Rd:28: Escaped LaTeX specials: \&
Flavors: r-devel-linux-x86_64-debian-clang, r-devel-linux-x86_64-debian-gcc, r-devel-linux-x86_64-fedora-clang, r-devel-linux-x86_64-fedora-gcc, r-devel-windows-x86_64