CRAN Package Check Results for Package flextable

Last updated on 2024-07-24 06:57:15 CEST.

Flavor Version Tinstall Tcheck Ttotal Status Flags
r-devel-linux-x86_64-debian-clang 0.9.6 28.27 316.13 344.40 OK
r-devel-linux-x86_64-debian-gcc 0.9.6 16.07 226.82 242.89 NOTE
r-devel-linux-x86_64-fedora-clang 0.9.6 428.20 OK
r-devel-linux-x86_64-fedora-gcc 0.9.6 414.49 OK
r-devel-windows-x86_64 0.9.6 27.00 277.00 304.00 NOTE
r-patched-linux-x86_64 0.9.6 37.52 297.04 334.56 OK
r-release-linux-x86_64 0.9.6 14.88 297.13 312.01 OK
r-release-macos-arm64 0.9.6 124.00 OK
r-release-macos-x86_64 0.9.6 168.00 OK
r-release-windows-x86_64 0.9.6 23.00 268.00 291.00 OK
r-oldrel-macos-arm64 0.9.6 110.00 OK
r-oldrel-macos-x86_64 0.9.6 296.00 OK
r-oldrel-windows-x86_64 0.9.6 28.00 350.00 378.00 OK

Check Details

Version: 0.9.6
Check: Rd cross-references
Result: NOTE Found the following Rd file(s) with Rd \link{} targets missing package anchors: add_latex_dep.Rd: knit_meta_add as_flextable.tabular.Rd: fp_par as_flextable.tabulator.Rd: fp_border border_inner.Rd: fp_border border_inner_h.Rd: fp_border border_inner_v.Rd: fp_border border_outer.Rd: fp_border footers_flextable_at_bkm.Rd: prop_section fp_border_default.Rd: fp_border fp_text_default.Rd: fp_text gen_grob.Rd: hyperlink_ftext headers_flextable_at_bkm.Rd: prop_section hline.Rd: fp_border hline_bottom.Rd: fp_border hline_top.Rd: fp_border htmltools_value.Rd: div, HTML rtf_add.flextable.Rd: rtf_add, rtf_doc save_as_docx.Rd: prop_section save_as_rtf.Rd: prop_section set_caption.Rd: fp_par vline.Rd: fp_border vline_left.Rd: fp_border vline_right.Rd: fp_border Please provide package anchors for all Rd \link{} targets not in the package itself and the base packages. Flavors: r-devel-linux-x86_64-debian-gcc, r-devel-windows-x86_64