CRAN Package Check Results for Package flippant

Last updated on 2021-09-22 01:48:42 CEST.

Flavor Version Tinstall Tcheck Ttotal Status Flags
r-devel-linux-x86_64-debian-clang 1.5.3 5.20 50.50 55.70 NOTE
r-devel-linux-x86_64-debian-gcc 1.5.3 3.98 37.69 41.67 NOTE
r-devel-linux-x86_64-fedora-clang 1.5.3 72.85 NOTE
r-devel-linux-x86_64-fedora-gcc 1.5.3 61.88 NOTE
r-devel-windows-x86_64 1.5.3 7.00 51.00 58.00 NOTE
r-devel-windows-x86_64-gcc10-UCRT 1.5.3 ERROR
r-patched-linux-x86_64 1.5.3 9.86 46.15 56.01 NOTE
r-patched-solaris-x86 1.5.3 92.70 NOTE
r-release-linux-x86_64 1.5.3 4.89 46.26 51.15 NOTE
r-release-macos-arm64 1.5.3 NOTE
r-release-macos-x86_64 1.5.3 NOTE
r-release-windows-ix86+x86_64 1.5.3 14.00 51.00 65.00 NOTE
r-oldrel-macos-x86_64 1.5.3 OK
r-oldrel-windows-ix86+x86_64 1.5.3 15.00 65.00 80.00 OK

Check Details

Version: 1.5.3
Check: LazyData
Result: NOTE
     'LazyData' is specified without a 'data' directory
Flavors: r-devel-linux-x86_64-debian-clang, r-devel-linux-x86_64-debian-gcc, r-devel-linux-x86_64-fedora-clang, r-devel-linux-x86_64-fedora-gcc, r-devel-windows-x86_64, r-devel-windows-x86_64-gcc10-UCRT, r-patched-linux-x86_64, r-patched-solaris-x86, r-release-linux-x86_64, r-release-macos-arm64, r-release-macos-x86_64, r-release-windows-ix86+x86_64

Version: 1.5.3
Check: whether package can be installed
Result: WARN
    Found the following significant warnings:
     WARNING: installation-time patches will not be applied, could not get the patches index
Flavor: r-devel-windows-x86_64-gcc10-UCRT

Version: 1.5.3
Check: PDF version of manual
Result: WARN
    LaTeX errors when creating PDF version.
    This typically indicates Rd problems.
Flavor: r-devel-windows-x86_64-gcc10-UCRT

Version: 1.5.3
Check: PDF version of manual without hyperrefs or index
Result: ERROR
    Re-running with no redirection of stdout/stderr.
Flavor: r-devel-windows-x86_64-gcc10-UCRT

Version: 1.5.3
Check: package dependencies
Result: NOTE
    Package suggested but not available for checking: ‘multipanelfigure’
Flavor: r-patched-solaris-x86