CRAN Package Check Results for Package flippant

Last updated on 2022-06-30 01:49:08 CEST.

Flavor Version Tinstall Tcheck Ttotal Status Flags
r-devel-linux-x86_64-debian-clang 1.5.3 6.15 57.56 63.71 NOTE
r-devel-linux-x86_64-debian-gcc 1.5.3 5.17 42.90 48.07 NOTE
r-devel-linux-x86_64-fedora-clang 1.5.3 85.57 NOTE
r-devel-linux-x86_64-fedora-gcc 1.5.3 83.94 NOTE
r-devel-windows-x86_64 1.5.3 22.00 78.00 100.00 NOTE
r-patched-linux-x86_64 1.5.3 9.72 54.43 64.15 NOTE
r-release-linux-x86_64 1.5.3 7.45 53.01 60.46 NOTE
r-release-macos-arm64 1.5.3 25.00 NOTE
r-release-macos-x86_64 1.5.3 46.00 NOTE
r-release-windows-x86_64 1.5.3 52.00 80.00 132.00 NOTE
r-oldrel-macos-arm64 1.5.3 33.00 NOTE
r-oldrel-macos-x86_64 1.5.3 46.00 NOTE
r-oldrel-windows-ix86+x86_64 1.5.3 17.00 73.00 90.00 NOTE

Check Details

Version: 1.5.3
Check: LazyData
Result: NOTE
     'LazyData' is specified without a 'data' directory
Flavors: r-devel-linux-x86_64-debian-clang, r-devel-linux-x86_64-debian-gcc, r-devel-linux-x86_64-fedora-clang, r-devel-linux-x86_64-fedora-gcc, r-devel-windows-x86_64, r-patched-linux-x86_64, r-release-linux-x86_64, r-release-macos-arm64, r-release-macos-x86_64, r-release-windows-x86_64, r-oldrel-macos-arm64, r-oldrel-macos-x86_64, r-oldrel-windows-ix86+x86_64