CRAN Package Check Results for Package flippant

Last updated on 2022-01-25 00:49:49 CET.

Flavor Version Tinstall Tcheck Ttotal Status Flags
r-devel-linux-x86_64-debian-clang 1.5.3 6.07 58.36 64.43 NOTE
r-devel-linux-x86_64-debian-gcc 1.5.3 3.92 43.38 47.30 NOTE
r-devel-linux-x86_64-fedora-clang 1.5.3 75.30 NOTE
r-devel-linux-x86_64-fedora-gcc 1.5.3 65.27 NOTE
r-devel-windows-x86_64-new-UL 1.5.3 39.00 75.00 114.00 NOTE
r-devel-windows-x86_64-new-TK 1.5.3 NOTE
r-patched-linux-x86_64 1.5.3 9.35 54.38 63.73 NOTE
r-release-linux-x86_64 1.5.3 4.17 54.33 58.50 NOTE
r-release-macos-arm64 1.5.3 NOTE
r-release-macos-x86_64 1.5.3 NOTE
r-release-windows-ix86+x86_64 1.5.3 14.00 67.00 81.00 NOTE
r-oldrel-macos-x86_64 1.5.3 OK
r-oldrel-windows-ix86+x86_64 1.5.3 14.00 68.00 82.00 OK

Check Details

Version: 1.5.3
Check: LazyData
Result: NOTE
     'LazyData' is specified without a 'data' directory
Flavors: r-devel-linux-x86_64-debian-clang, r-devel-linux-x86_64-debian-gcc, r-devel-linux-x86_64-fedora-clang, r-devel-linux-x86_64-fedora-gcc, r-devel-windows-x86_64-new-UL, r-devel-windows-x86_64-new-TK, r-patched-linux-x86_64, r-release-linux-x86_64, r-release-macos-arm64, r-release-macos-x86_64, r-release-windows-ix86+x86_64