CRAN Package Check Results for Package flock

Last updated on 2022-07-02 01:48:55 CEST.

Flavor Version Tinstall Tcheck Ttotal Status Flags
r-devel-linux-x86_64-debian-clang 0.7 17.22 27.25 44.47 OK
r-devel-linux-x86_64-debian-gcc 0.7 12.65 21.34 33.99 OK
r-devel-linux-x86_64-fedora-clang 0.7 73.41 NOTE
r-devel-linux-x86_64-fedora-gcc 0.7 66.45 NOTE
r-devel-windows-x86_64 0.7 22.00 69.00 91.00 OK
r-patched-linux-x86_64 0.7 14.46 26.49 40.95 OK
r-release-linux-x86_64 0.7 12.95 26.94 39.89 OK
r-release-macos-arm64 0.7 21.00 OK
r-release-macos-x86_64 0.7 34.00 OK
r-release-windows-x86_64 0.7 24.00 70.00 94.00 OK
r-oldrel-macos-arm64 0.7 28.00 OK
r-oldrel-macos-x86_64 0.7 40.00 OK
r-oldrel-windows-ix86+x86_64 0.7 48.00 72.00 120.00 OK

Check Details

Version: 0.7
Check: compiled code
Result: NOTE
    File ‘flock/libs/flock.so’:
     Found no calls to: ‘R_registerRoutines’, ‘R_useDynamicSymbols’
    
    It is good practice to register native routines and to disable symbol
    search.
    
    See ‘Writing portable packages’ in the ‘Writing R Extensions’ manual.
Flavors: r-devel-linux-x86_64-fedora-clang, r-devel-linux-x86_64-fedora-gcc