Last updated on 2023-09-25 08:02:27 CEST.
Flavor | Version | Tinstall | Tcheck | Ttotal | Status | Flags |
---|---|---|---|---|---|---|
r-devel-linux-x86_64-debian-clang | 0.7 | 20.39 | 26.57 | 46.96 | OK | |
r-devel-linux-x86_64-debian-gcc | 0.7 | 11.50 | 20.90 | 32.40 | OK | |
r-devel-linux-x86_64-fedora-clang | 0.7 | 65.21 | NOTE | |||
r-devel-linux-x86_64-fedora-gcc | 0.7 | 61.07 | NOTE | |||
r-devel-windows-x86_64 | 0.7 | 17.00 | 59.00 | 76.00 | OK | |
r-patched-linux-x86_64 | 0.7 | 19.29 | 25.99 | 45.28 | OK | |
r-release-linux-x86_64 | 0.7 | 19.21 | 26.52 | 45.73 | OK | |
r-release-macos-arm64 | 0.7 | 22.00 | OK | |||
r-release-macos-x86_64 | 0.7 | 32.00 | OK | |||
r-release-windows-x86_64 | 0.7 | 21.00 | 66.00 | 87.00 | OK | |
r-oldrel-macos-arm64 | 0.7 | 23.00 | OK | |||
r-oldrel-macos-x86_64 | 0.7 | 34.00 | OK | |||
r-oldrel-windows-x86_64 | 0.7 | 26.00 | 65.00 | 91.00 | OK |
Version: 0.7
Check: compiled code
Result: NOTE
File ‘flock/libs/flock.so’:
Found no calls to: ‘R_registerRoutines’, ‘R_useDynamicSymbols’
It is good practice to register native routines and to disable symbol
search.
See ‘Writing portable packages’ in the ‘Writing R Extensions’ manual.
Flavors: r-devel-linux-x86_64-fedora-clang, r-devel-linux-x86_64-fedora-gcc