CRAN Package Check Results for Package flock

Last updated on 2022-11-30 00:53:30 CET.

Flavor Version Tinstall Tcheck Ttotal Status Flags
r-devel-linux-x86_64-debian-clang 0.7 16.88 28.29 45.17 OK
r-devel-linux-x86_64-debian-gcc 0.7 10.99 22.05 33.04 OK
r-devel-linux-x86_64-fedora-clang 0.7 75.78 NOTE
r-devel-linux-x86_64-fedora-gcc 0.7 66.69 NOTE
r-devel-windows-x86_64 0.7 21.00 73.00 94.00 OK
r-patched-linux-x86_64 0.7 15.55 26.55 42.10 OK
r-release-linux-x86_64 0.7 14.51 26.78 41.29 OK
r-release-macos-arm64 0.7 21.00 OK
r-release-macos-x86_64 0.7 34.00 OK
r-release-windows-x86_64 0.7 26.00 76.00 102.00 OK
r-oldrel-macos-arm64 0.7 28.00 OK
r-oldrel-macos-x86_64 0.7 40.00 OK
r-oldrel-windows-ix86+x86_64 0.7 48.00 71.00 119.00 OK

Check Details

Version: 0.7
Check: compiled code
Result: NOTE
    File ‘flock/libs/flock.so’:
     Found no calls to: ‘R_registerRoutines’, ‘R_useDynamicSymbols’
    
    It is good practice to register native routines and to disable symbol
    search.
    
    See ‘Writing portable packages’ in the ‘Writing R Extensions’ manual.
Flavors: r-devel-linux-x86_64-fedora-clang, r-devel-linux-x86_64-fedora-gcc