Last updated on 2023-11-30 07:52:35 CET.
Flavor | Version | Tinstall | Tcheck | Ttotal | Status | Flags |
---|---|---|---|---|---|---|
r-devel-linux-x86_64-debian-clang | 0.1.3 | 30.45 | 64.03 | 94.48 | OK | |
r-devel-linux-x86_64-debian-gcc | 0.1.3 | 19.79 | 47.09 | 66.88 | OK | |
r-devel-linux-x86_64-fedora-clang | 0.1.3 | 128.85 | NOTE | |||
r-devel-linux-x86_64-fedora-gcc | 0.1.3 | 131.04 | NOTE | |||
r-devel-windows-x86_64 | 0.1.3 | 26.00 | 85.00 | 111.00 | OK | |
r-patched-linux-x86_64 | 0.1.3 | 16.51 | 62.23 | 78.74 | OK | |
r-release-linux-x86_64 | 0.1.3 | 17.13 | 62.17 | 79.30 | OK | |
r-release-macos-arm64 | 0.1.3 | 42.00 | OK | |||
r-release-macos-x86_64 | 0.1.3 | 68.00 | OK | |||
r-release-windows-x86_64 | 0.1.3 | 33.00 | 95.00 | 128.00 | OK | |
r-oldrel-macos-arm64 | 0.1.3 | 33.00 | NOTE | |||
r-oldrel-macos-x86_64 | 0.1.3 | 63.00 | NOTE | |||
r-oldrel-windows-x86_64 | 0.1.3 | 30.00 | 94.00 | 124.00 | OK |
Version: 0.1.3
Check: dependencies in R code
Result: NOTE
Namespaces in Imports field not imported from:
‘kableExtra’ ‘knitr’ ‘rmarkdown’
All declared Imports should be used.
Flavors: r-devel-linux-x86_64-fedora-clang, r-devel-linux-x86_64-fedora-gcc, r-oldrel-macos-arm64, r-oldrel-macos-x86_64