CRAN Package Check Results for Package foghorn

Last updated on 2021-09-21 01:50:07 CEST.

Flavor Version Tinstall Tcheck Ttotal Status Flags
r-devel-linux-x86_64-debian-clang 1.4.2 5.06 49.55 54.61 OK
r-devel-linux-x86_64-debian-gcc 1.4.2 3.90 37.84 41.74 OK
r-devel-linux-x86_64-fedora-clang 1.4.2 71.24 OK
r-devel-linux-x86_64-fedora-gcc 1.4.2 60.10 OK
r-devel-windows-x86_64 1.4.2 6.00 54.00 60.00 OK
r-devel-windows-x86_64-gcc10-UCRT 1.4.2 ERROR
r-patched-linux-x86_64 1.4.2 5.07 47.40 52.47 OK
r-patched-solaris-x86 1.4.2 89.40 OK
r-release-linux-x86_64 1.4.2 4.53 46.82 51.35 OK
r-release-macos-arm64 1.4.2 OK
r-release-macos-x86_64 1.4.2 OK
r-release-windows-ix86+x86_64 1.4.2 10.00 51.00 61.00 OK
r-oldrel-macos-x86_64 1.4.2 OK
r-oldrel-windows-ix86+x86_64 1.4.2 11.00 66.00 77.00 OK

Check Details

Version: 1.4.2
Check: whether package can be installed
Result: WARN
    Found the following significant warnings:
     WARNING: installation-time patches will not be applied, could not get the patches index
Flavor: r-devel-windows-x86_64-gcc10-UCRT

Version: 1.4.2
Check: PDF version of manual
Result: WARN
    LaTeX errors when creating PDF version.
    This typically indicates Rd problems.
Flavor: r-devel-windows-x86_64-gcc10-UCRT

Version: 1.4.2
Check: PDF version of manual without hyperrefs or index
Result: ERROR
    Re-running with no redirection of stdout/stderr.
Flavor: r-devel-windows-x86_64-gcc10-UCRT