CRAN Package Check Results for Package foreach

Last updated on 2020-06-04 02:48:02 CEST.

Flavor Version Tinstall Tcheck Ttotal Status Flags
r-devel-linux-x86_64-debian-clang 1.5.0 2.70 51.85 54.55 OK
r-devel-linux-x86_64-debian-gcc 1.5.0 2.28 39.19 41.47 OK
r-devel-linux-x86_64-fedora-clang 1.5.0 72.07 OK
r-devel-linux-x86_64-fedora-gcc 1.5.0 64.07 OK
r-devel-windows-ix86+x86_64 1.5.0 10.00 172.00 182.00 NOTE
r-patched-linux-x86_64 1.5.0 2.62 50.81 53.43 OK
r-patched-solaris-x86 1.5.0 97.10 OK
r-release-linux-x86_64 1.5.0 3.23 51.21 54.44 OK
r-release-osx-x86_64 1.5.0 OK
r-release-windows-ix86+x86_64 1.5.0 7.00 167.00 174.00 NOTE
r-oldrel-osx-x86_64 1.5.0 OK
r-oldrel-windows-ix86+x86_64 1.5.0 10.00 166.00 176.00 NOTE

Check Details

Version: 1.5.0
Check: package dependencies
Result: NOTE
    Package suggested but not available for checking: 'doMC'
Flavors: r-devel-windows-ix86+x86_64, r-release-windows-ix86+x86_64, r-oldrel-windows-ix86+x86_64