CRAN Package Check Results for Package forecTheta

Last updated on 2019-12-14 00:54:04 CET.

Flavor Version Tinstall Tcheck Ttotal Status Flags
r-devel-linux-x86_64-debian-clang 2.2 6.51 61.07 67.58 NOTE
r-devel-linux-x86_64-debian-gcc 2.2 5.14 47.07 52.21 NOTE
r-devel-linux-x86_64-fedora-clang 2.2 79.26 NOTE
r-devel-linux-x86_64-fedora-gcc 2.2 75.64 NOTE
r-devel-windows-ix86+x86_64 2.2 20.00 109.00 129.00 NOTE
r-devel-windows-ix86+x86_64-gcc8 2.2 15.00 116.00 131.00 NOTE
r-patched-linux-x86_64 2.2 6.15 52.54 58.69 NOTE
r-patched-solaris-x86 2.2 103.00 NOTE
r-release-linux-x86_64 2.2 5.71 53.07 58.78 NOTE
r-release-windows-ix86+x86_64 2.2 13.00 63.00 76.00 NOTE
r-release-osx-x86_64 2.2 NOTE
r-oldrel-windows-ix86+x86_64 2.2 8.00 71.00 79.00 NOTE
r-oldrel-osx-x86_64 2.2 NOTE

Check Details

Version: 2.2
Check: DESCRIPTION meta-information
Result: NOTE
    BugReports field is not a suitable URL but contains an email address:
     use the Contact field instead
Flavors: r-devel-linux-x86_64-debian-clang, r-devel-linux-x86_64-debian-gcc, r-devel-linux-x86_64-fedora-clang, r-devel-linux-x86_64-fedora-gcc, r-devel-windows-ix86+x86_64, r-devel-windows-ix86+x86_64-gcc8, r-patched-linux-x86_64, r-patched-solaris-x86

Version: 2.2
Check: DESCRIPTION meta-information
Result: NOTE
    BugReports field is not a suitable URL but contains an email address
     which will be used as from R 3.4.0
Flavors: r-release-linux-x86_64, r-release-windows-ix86+x86_64, r-release-osx-x86_64, r-oldrel-windows-ix86+x86_64, r-oldrel-osx-x86_64