CRAN Package Check Results for Package forecTheta

Last updated on 2020-09-19 00:50:05 CEST.

Flavor Version Tinstall Tcheck Ttotal Status Flags
r-devel-linux-x86_64-debian-clang 2.2 7.70 63.40 71.10 NOTE
r-devel-linux-x86_64-debian-gcc 2.2 6.08 48.39 54.47 NOTE
r-devel-linux-x86_64-fedora-clang 2.2 96.46 NOTE
r-devel-linux-x86_64-fedora-gcc 2.2 85.68 NOTE
r-devel-windows-ix86+x86_64 2.2 19.00 91.00 110.00 NOTE
r-patched-linux-x86_64 2.2 6.80 60.01 66.81 NOTE
r-patched-solaris-x86 2.2 121.20 NOTE
r-release-linux-x86_64 2.2 7.52 61.08 68.60 NOTE
r-release-macos-x86_64 2.2 NOTE
r-release-windows-ix86+x86_64 2.2 18.00 63.00 81.00 NOTE
r-oldrel-macos-x86_64 2.2 NOTE
r-oldrel-windows-ix86+x86_64 2.2 13.00 82.00 95.00 NOTE

Check Details

Version: 2.2
Check: DESCRIPTION meta-information
Result: NOTE
    BugReports field is not a suitable URL but contains an email address:
     use the Contact field instead
Flavors: r-devel-linux-x86_64-debian-clang, r-devel-linux-x86_64-debian-gcc, r-devel-linux-x86_64-fedora-clang, r-devel-linux-x86_64-fedora-gcc, r-devel-windows-ix86+x86_64, r-patched-linux-x86_64, r-patched-solaris-x86, r-release-linux-x86_64, r-release-macos-x86_64, r-release-windows-ix86+x86_64, r-oldrel-windows-ix86+x86_64

Version: 2.2
Check: DESCRIPTION meta-information
Result: NOTE
    BugReports field is not a suitable URL but contains an email address
     which will be used as from R 3.4.0
Flavor: r-oldrel-macos-x86_64