CRAN Package Check Results for Package forecTheta

Last updated on 2020-07-02 02:09:49 CEST.

Flavor Version Tinstall Tcheck Ttotal Status Flags
r-devel-linux-x86_64-debian-clang 2.2 7.49 63.84 71.33 NOTE
r-devel-linux-x86_64-debian-gcc 2.2 5.98 46.61 52.59 NOTE
r-devel-linux-x86_64-fedora-clang 2.2 91.18 NOTE
r-devel-linux-x86_64-fedora-gcc 2.2 80.21 NOTE
r-devel-windows-ix86+x86_64 2.2 36.00 77.00 113.00 NOTE
r-patched-linux-x86_64 2.2 6.56 60.39 66.95 NOTE
r-patched-solaris-x86 2.2 120.50 NOTE
r-release-linux-x86_64 2.2 7.45 62.09 69.54 NOTE
r-release-osx-x86_64 2.2 NOTE
r-release-windows-ix86+x86_64 2.2 22.00 80.00 102.00 NOTE
r-oldrel-osx-x86_64 2.2 NOTE
r-oldrel-windows-ix86+x86_64 2.2 25.00 103.00 128.00 NOTE

Check Details

Version: 2.2
Check: DESCRIPTION meta-information
Result: NOTE
    BugReports field is not a suitable URL but contains an email address:
     use the Contact field instead
Flavors: r-devel-linux-x86_64-debian-clang, r-devel-linux-x86_64-debian-gcc, r-devel-linux-x86_64-fedora-clang, r-devel-linux-x86_64-fedora-gcc, r-devel-windows-ix86+x86_64, r-patched-linux-x86_64, r-patched-solaris-x86, r-release-linux-x86_64, r-release-osx-x86_64, r-release-windows-ix86+x86_64, r-oldrel-windows-ix86+x86_64

Version: 2.2
Check: DESCRIPTION meta-information
Result: NOTE
    BugReports field is not a suitable URL but contains an email address
     which will be used as from R 3.4.0
Flavor: r-oldrel-osx-x86_64