CRAN Package Check Results for Package forecast

Last updated on 2020-06-03 01:50:46 CEST.

Flavor Version Tinstall Tcheck Ttotal Status Flags
r-devel-linux-x86_64-debian-clang 8.12 130.01 353.24 483.25 OK
r-devel-linux-x86_64-debian-gcc 8.12 100.18 254.00 354.18 OK
r-devel-linux-x86_64-fedora-clang 8.12 600.44 NOTE
r-devel-linux-x86_64-fedora-gcc 8.12 579.09 OK
r-devel-windows-ix86+x86_64 8.12 308.00 813.00 1121.00 OK
r-patched-linux-x86_64 8.12 106.51 351.56 458.07 OK
r-patched-solaris-x86 8.12 642.60 OK
r-release-linux-x86_64 8.12 99.63 353.46 453.09 OK
r-release-osx-x86_64 8.12 OK
r-release-windows-ix86+x86_64 8.12 213.00 643.00 856.00 OK
r-oldrel-osx-x86_64 8.12 OK
r-oldrel-windows-ix86+x86_64 8.12 226.00 659.00 885.00 OK

Check Details

Version: 8.12
Check: installed package size
Result: NOTE
     installed size is 6.2Mb
     sub-directories of 1Mb or more:
     libs 4.4Mb
Flavor: r-devel-linux-x86_64-fedora-clang