CRAN Package Check Results for Package forecast

Last updated on 2019-11-18 00:54:20 CET.

Flavor Version Tinstall Tcheck Ttotal Status Flags
r-devel-linux-x86_64-debian-clang 8.9 114.42 333.26 447.68 OK
r-devel-linux-x86_64-debian-gcc 8.9 83.28 254.53 337.81 OK
r-devel-linux-x86_64-fedora-clang 8.9 547.00 NOTE
r-devel-linux-x86_64-fedora-gcc 8.9 560.87 OK
r-devel-windows-ix86+x86_64 8.9 321.00 784.00 1105.00 OK
r-patched-linux-x86_64 8.9 96.27 322.68 418.95 OK
r-patched-solaris-x86 8.9 631.00 OK
r-release-linux-x86_64 8.9 92.49 319.52 412.01 OK
r-release-windows-ix86+x86_64 8.9 198.00 794.00 992.00 OK
r-release-osx-x86_64 8.9 OK
r-oldrel-windows-ix86+x86_64 8.9 199.00 560.00 759.00 OK
r-oldrel-osx-x86_64 8.9 OK

Check Details

Version: 8.9
Check: installed package size
Result: NOTE
     installed size is 5.2Mb
     sub-directories of 1Mb or more:
     libs 3.4Mb
Flavor: r-devel-linux-x86_64-fedora-clang