CRAN Package Check Results for Package forecastHybrid

Last updated on 2020-06-03 01:50:46 CEST.

Flavor Version Tinstall Tcheck Ttotal Status Flags
r-devel-linux-x86_64-debian-clang 5.0.18 8.08 334.03 342.11 OK
r-devel-linux-x86_64-debian-gcc 5.0.18 5.66 230.70 236.36 OK
r-devel-linux-x86_64-fedora-clang 5.0.18 385.21 OK
r-devel-linux-x86_64-fedora-gcc 5.0.18 382.52 OK
r-devel-windows-ix86+x86_64 5.0.18 33.00 525.00 558.00 OK
r-patched-linux-x86_64 5.0.18 7.91 312.26 320.17 OK
r-patched-solaris-x86 5.0.18 461.40 OK
r-release-linux-x86_64 5.0.18 8.00 318.85 326.85 OK
r-release-osx-x86_64 5.0.18 WARN
r-release-windows-ix86+x86_64 5.0.18 18.00 385.00 403.00 OK
r-oldrel-osx-x86_64 5.0.18 OK
r-oldrel-windows-ix86+x86_64 5.0.18 17.00 408.00 425.00 OK

Check Details

Version: 5.0.18
Check: re-building of vignette outputs
Result: WARN
    Error(s) in re-building vignettes:
     ...
    --- re-building ‘forecastHybrid.Rmd’ using rmarkdown
    Loading required package: forecast
    Loading required package: thief
    dyld: lazy symbol binding failed: Symbol not found: ____chkstk_darwin
     Referenced from: /usr/local/bin/pandoc (which was built for Mac OS X 10.15)
     Expected in: /usr/lib/libSystem.B.dylib
    
    dyld: Symbol not found: ____chkstk_darwin
     Referenced from: /usr/local/bin/pandoc (which was built for Mac OS X 10.15)
     Expected in: /usr/lib/libSystem.B.dylib
    
    Error: processing vignette 'forecastHybrid.Rmd' failed with diagnostics:
    pandoc document conversion failed with error 6
    --- failed re-building ‘forecastHybrid.Rmd’
    
    SUMMARY: processing the following file failed:
     ‘forecastHybrid.Rmd’
    
    Error: Vignette re-building failed.
    Execution halted
Flavor: r-release-osx-x86_64