CRAN Package Check Results for Package forecastML

Last updated on 2021-12-09 00:51:39 CET.

Flavor Version Tinstall Tcheck Ttotal Status Flags
r-devel-linux-x86_64-debian-clang 0.9.0 12.33 535.75 548.08 OK
r-devel-linux-x86_64-debian-gcc 0.9.0 9.71 423.09 432.80 OK
r-devel-linux-x86_64-fedora-clang 0.9.0 671.54 NOTE
r-devel-linux-x86_64-fedora-gcc 0.9.0 717.77 NOTE
r-devel-windows-x86_64-new-UL 0.9.0 29.00 562.00 591.00 OK
r-devel-windows-x86_64-new-TK 0.9.0 NOTE
r-devel-windows-x86_64-old 0.9.0 19.00 430.00 449.00 OK
r-patched-linux-x86_64 0.9.0 11.86 531.21 543.07 OK
r-release-linux-x86_64 0.9.0 11.36 528.76 540.12 OK
r-release-macos-arm64 0.9.0 NOTE
r-release-macos-x86_64 0.9.0 WARN
r-release-windows-ix86+x86_64 0.9.0 20.00 421.00 441.00 OK
r-oldrel-macos-x86_64 0.9.0 WARN
r-oldrel-windows-ix86+x86_64 0.9.0 24.00 448.00 472.00 OK

Check Details

Version: 0.9.0
Check: dependencies in R code
Result: NOTE
    Namespace in Imports field not imported from: ‘dtplyr’
     All declared Imports should be used.
Flavors: r-devel-linux-x86_64-fedora-clang, r-devel-linux-x86_64-fedora-gcc, r-devel-windows-x86_64-new-TK, r-release-macos-arm64, r-release-macos-x86_64, r-oldrel-macos-x86_64

Version: 0.9.0
Check: re-building of vignette outputs
Result: WARN
    Error(s) in re-building vignettes:
    --- re-building ‘combine_forecasts.Rmd’ using rmarkdown
    Warning in engine$weave(file, quiet = quiet, encoding = enc) :
     Pandoc (>= 1.12.3) not available. Falling back to R Markdown v1.
    
    Attaching package: 'dplyr'
    
    The following objects are masked from 'package:stats':
    
     filter, lag
    
    The following objects are masked from 'package:base':
    
     intersect, setdiff, setequal, union
    
    Loading required package: Matrix
    Loaded glmnet 4.1-1
    --- finished re-building ‘combine_forecasts.Rmd’
    
    --- re-building ‘custom_functions.Rmd’ using rmarkdown
    Warning in engine$weave(file, quiet = quiet, encoding = enc) :
     Pandoc (>= 1.12.3) not available. Falling back to R Markdown v1.
    
    Attaching package: 'dplyr'
    
    The following objects are masked from 'package:stats':
    
     filter, lag
    
    The following objects are masked from 'package:base':
    
     intersect, setdiff, setequal, union
    
    randomForest 4.6-14
    Type rfNews() to see new features/changes/bug fixes.
    
    Attaching package: 'randomForest'
    
    The following object is masked from 'package:ggplot2':
    
     margin
    
    The following object is masked from 'package:dplyr':
    
     combine
    
    Quitting from lines 49-59 (custom_functions.Rmd)
    Error: processing vignette 'custom_functions.Rmd' failed with diagnostics:
    invalid 'path' argument
    --- failed re-building ‘custom_functions.Rmd’
    
    --- re-building ‘grouped_forecast.Rmd’ using rmarkdown
    Warning in engine$weave(file, quiet = quiet, encoding = enc) :
     Pandoc (>= 1.12.3) not available. Falling back to R Markdown v1.
    Loading required package: dplyr
    
    Attaching package: 'dplyr'
    
    The following objects are masked from 'package:stats':
    
     filter, lag
    
    The following objects are masked from 'package:base':
    
     intersect, setdiff, setequal, union
    
    
    Attaching package: 'xgboost'
    
    The following object is masked from 'package:dplyr':
    
     slice
    
    PhantomJS not found. You can install it with webshot::install_phantomjs(). If it is installed, please make sure the phantomjs executable can be found via the PATH variable.
    PhantomJS not found. You can install it with webshot::install_phantomjs(). If it is installed, please make sure the phantomjs executable can be found via the PATH variable.
    Quitting from lines 82-91 (grouped_forecast.Rmd)
    Error: processing vignette 'grouped_forecast.Rmd' failed with diagnostics:
    invalid 'path' argument
    --- failed re-building ‘grouped_forecast.Rmd’
    
    --- re-building ‘lagged_features.Rmd’ using rmarkdown
    Warning in engine$weave(file, quiet = quiet, encoding = enc) :
     Pandoc (>= 1.12.3) not available. Falling back to R Markdown v1.
    Loading required package: dplyr
    
    Attaching package: 'dplyr'
    
    The following objects are masked from 'package:stats':
    
     filter, lag
    
    The following objects are masked from 'package:base':
    
     intersect, setdiff, setequal, union
    
    PhantomJS not found. You can install it with webshot::install_phantomjs(). If it is installed, please make sure the phantomjs executable can be found via the PATH variable.
    PhantomJS not found. You can install it with webshot::install_phantomjs(). If it is installed, please make sure the phantomjs executable can be found via the PATH variable.
    Quitting from lines 29-37 (lagged_features.Rmd)
    Error: processing vignette 'lagged_features.Rmd' failed with diagnostics:
    invalid 'path' argument
    --- failed re-building ‘lagged_features.Rmd’
    
    --- re-building ‘package_overview.Rmd’ using rmarkdown
    Warning in engine$weave(file, quiet = quiet, encoding = enc) :
     Pandoc (>= 1.12.3) not available. Falling back to R Markdown v1.
    Loading required package: dplyr
    
    Attaching package: 'dplyr'
    
    The following objects are masked from 'package:stats':
    
     filter, lag
    
    The following objects are masked from 'package:base':
    
     intersect, setdiff, setequal, union
    
    Loading required package: Matrix
    Loaded glmnet 4.1-1
    randomForest 4.6-14
    Type rfNews() to see new features/changes/bug fixes.
    
    Attaching package: 'randomForest'
    
    The following object is masked from 'package:ggplot2':
    
     margin
    
    The following object is masked from 'package:dplyr':
    
     combine
    
    PhantomJS not found. You can install it with webshot::install_phantomjs(). If it is installed, please make sure the phantomjs executable can be found via the PATH variable.
    PhantomJS not found. You can install it with webshot::install_phantomjs(). If it is installed, please make sure the phantomjs executable can be found via the PATH variable.
    Quitting from lines 150-169 (package_overview.Rmd)
    Error: processing vignette 'package_overview.Rmd' failed with diagnostics:
    invalid 'path' argument
    --- failed re-building ‘package_overview.Rmd’
    
    SUMMARY: processing the following files failed:
     ‘custom_functions.Rmd’ ‘grouped_forecast.Rmd’ ‘lagged_features.Rmd’
     ‘package_overview.Rmd’
    
    Error: Vignette re-building failed.
    Execution halted
Flavor: r-release-macos-x86_64

Version: 0.9.0
Check: re-building of vignette outputs
Result: WARN
    Error(s) in re-building vignettes:
    --- re-building ‘combine_forecasts.Rmd’ using rmarkdown
    Warning in engine$weave(file, quiet = quiet, encoding = enc) :
     Pandoc (>= 1.12.3) and/or pandoc-citeproc not available. Falling back to R Markdown v1.
    
    Attaching package: 'dplyr'
    
    The following objects are masked from 'package:stats':
    
     filter, lag
    
    The following objects are masked from 'package:base':
    
     intersect, setdiff, setequal, union
    
    Loading required package: Matrix
    Loaded glmnet 4.0-2
    --- finished re-building ‘combine_forecasts.Rmd’
    
    --- re-building ‘custom_functions.Rmd’ using rmarkdown
    Warning in engine$weave(file, quiet = quiet, encoding = enc) :
     Pandoc (>= 1.12.3) and/or pandoc-citeproc not available. Falling back to R Markdown v1.
    
    Attaching package: 'dplyr'
    
    The following objects are masked from 'package:stats':
    
     filter, lag
    
    The following objects are masked from 'package:base':
    
     intersect, setdiff, setequal, union
    
    randomForest 4.6-14
    Type rfNews() to see new features/changes/bug fixes.
    
    Attaching package: 'randomForest'
    
    The following object is masked from 'package:ggplot2':
    
     margin
    
    The following object is masked from 'package:dplyr':
    
     combine
    
    Quitting from lines 49-59 (custom_functions.Rmd)
    Error: processing vignette 'custom_functions.Rmd' failed with diagnostics:
    cannot open the connection
    --- failed re-building ‘custom_functions.Rmd’
    
    --- re-building ‘grouped_forecast.Rmd’ using rmarkdown
    Warning in engine$weave(file, quiet = quiet, encoding = enc) :
     Pandoc (>= 1.12.3) and/or pandoc-citeproc not available. Falling back to R Markdown v1.
    Loading required package: dplyr
    
    Attaching package: 'dplyr'
    
    The following objects are masked from 'package:stats':
    
     filter, lag
    
    The following objects are masked from 'package:base':
    
     intersect, setdiff, setequal, union
    
    
    Attaching package: 'xgboost'
    
    The following object is masked from 'package:dplyr':
    
     slice
    
    PhantomJS not found. You can install it with webshot::install_phantomjs(). If it is installed, please make sure the phantomjs executable can be found via the PATH variable.
    Warning in normalizePath(f2) :
     path[1]="webshot831e495fddc3.png": No such file or directory
    Warning in file(con, "rb") :
     cannot open file 'webshot831e495fddc3.png': No such file or directory
    Quitting from lines 82-91 (grouped_forecast.Rmd)
    Error: processing vignette 'grouped_forecast.Rmd' failed with diagnostics:
    cannot open the connection
    --- failed re-building ‘grouped_forecast.Rmd’
    
    --- re-building ‘lagged_features.Rmd’ using rmarkdown
    Warning in engine$weave(file, quiet = quiet, encoding = enc) :
     Pandoc (>= 1.12.3) and/or pandoc-citeproc not available. Falling back to R Markdown v1.
    Loading required package: dplyr
    
    Attaching package: 'dplyr'
    
    The following objects are masked from 'package:stats':
    
     filter, lag
    
    The following objects are masked from 'package:base':
    
     intersect, setdiff, setequal, union
    
    PhantomJS not found. You can install it with webshot::install_phantomjs(). If it is installed, please make sure the phantomjs executable can be found via the PATH variable.
    Warning in normalizePath(f2) :
     path[1]="webshot83711c04694.png": No such file or directory
    Warning in file(con, "rb") :
     cannot open file 'webshot83711c04694.png': No such file or directory
    Quitting from lines 29-37 (lagged_features.Rmd)
    Error: processing vignette 'lagged_features.Rmd' failed with diagnostics:
    cannot open the connection
    --- failed re-building ‘lagged_features.Rmd’
    
    --- re-building ‘package_overview.Rmd’ using rmarkdown
    Warning in engine$weave(file, quiet = quiet, encoding = enc) :
     Pandoc (>= 1.12.3) and/or pandoc-citeproc not available. Falling back to R Markdown v1.
    Loading required package: dplyr
    
    Attaching package: 'dplyr'
    
    The following objects are masked from 'package:stats':
    
     filter, lag
    
    The following objects are masked from 'package:base':
    
     intersect, setdiff, setequal, union
    
    Loading required package: Matrix
    Loaded glmnet 4.0-2
    randomForest 4.6-14
    Type rfNews() to see new features/changes/bug fixes.
    
    Attaching package: 'randomForest'
    
    The following object is masked from 'package:ggplot2':
    
     margin
    
    The following object is masked from 'package:dplyr':
    
     combine
    
    PhantomJS not found. You can install it with webshot::install_phantomjs(). If it is installed, please make sure the phantomjs executable can be found via the PATH variable.
    Warning in normalizePath(f2) :
     path[1]="webshot843e3019da16.png": No such file or directory
    Warning in file(con, "rb") :
     cannot open file 'webshot843e3019da16.png': No such file or directory
    Quitting from lines 150-169 (package_overview.Rmd)
    Error: processing vignette 'package_overview.Rmd' failed with diagnostics:
    cannot open the connection
    --- failed re-building ‘package_overview.Rmd’
    
    SUMMARY: processing the following files failed:
     ‘custom_functions.Rmd’ ‘grouped_forecast.Rmd’ ‘lagged_features.Rmd’
     ‘package_overview.Rmd’
    
    Error: Vignette re-building failed.
    Execution halted
Flavor: r-oldrel-macos-x86_64