Last updated on 2023-10-01 08:51:58 CEST.
Flavor | Version | Tinstall | Tcheck | Ttotal | Status | Flags |
---|---|---|---|---|---|---|
r-devel-linux-x86_64-debian-clang | 0.9.0 | 16.05 | 572.41 | 588.46 | OK | |
r-devel-linux-x86_64-debian-gcc | 0.9.0 | 10.99 | 442.99 | 453.98 | OK | |
r-devel-linux-x86_64-fedora-clang | 0.9.0 | 690.82 | NOTE | |||
r-devel-linux-x86_64-fedora-gcc | 0.9.0 | 683.16 | NOTE | |||
r-devel-windows-x86_64 | 0.9.0 | 11.00 | 333.00 | 344.00 | OK | |
r-patched-linux-x86_64 | 0.9.0 | 8.18 | 533.82 | 542.00 | OK | |
r-release-linux-x86_64 | 0.9.0 | 10.78 | 549.20 | 559.98 | OK | |
r-release-macos-arm64 | 0.9.0 | 221.00 | OK | |||
r-release-macos-x86_64 | 0.9.0 | 346.00 | OK | |||
r-release-windows-x86_64 | 0.9.0 | 15.00 | 419.00 | 434.00 | OK | |
r-oldrel-macos-arm64 | 0.9.0 | 205.00 | NOTE | |||
r-oldrel-macos-x86_64 | 0.9.0 | 383.00 | NOTE | |||
r-oldrel-windows-x86_64 | 0.9.0 | 18.00 | 422.00 | 440.00 | OK |
Version: 0.9.0
Check: dependencies in R code
Result: NOTE
Namespace in Imports field not imported from: ‘dtplyr’
All declared Imports should be used.
Flavors: r-devel-linux-x86_64-fedora-clang, r-devel-linux-x86_64-fedora-gcc, r-oldrel-macos-arm64, r-oldrel-macos-x86_64