CRAN Package Check Results for Package forge

Last updated on 2024-07-20 06:49:19 CEST.

Flavor Version Tinstall Tcheck Ttotal Status Flags
r-devel-linux-x86_64-debian-clang 0.2.0 3.07 33.35 36.42 NOTE
r-devel-linux-x86_64-debian-gcc 0.2.0 2.16 25.20 27.36 NOTE
r-devel-linux-x86_64-fedora-clang 0.2.0 47.04 NOTE
r-devel-linux-x86_64-fedora-gcc 0.2.0 41.71 NOTE
r-devel-windows-x86_64 0.2.0 4.00 46.00 50.00 NOTE
r-patched-linux-x86_64 0.2.0 2.51 32.60 35.11 NOTE
r-release-linux-x86_64 0.2.0 2.63 31.85 34.48 NOTE
r-release-macos-arm64 0.2.0 18.00 NOTE
r-release-macos-x86_64 0.2.0 25.00 NOTE
r-release-windows-x86_64 0.2.0 5.00 46.00 51.00 NOTE
r-oldrel-macos-arm64 0.2.0 19.00 NOTE
r-oldrel-macos-x86_64 0.2.0 24.00 NOTE
r-oldrel-windows-x86_64 0.2.0 3.00 50.00 53.00 NOTE

Check Details

Version: 0.2.0
Check: LazyData
Result: NOTE 'LazyData' is specified without a 'data' directory Flavors: r-devel-linux-x86_64-debian-clang, r-devel-linux-x86_64-debian-gcc, r-devel-linux-x86_64-fedora-clang, r-devel-linux-x86_64-fedora-gcc, r-devel-windows-x86_64, r-patched-linux-x86_64, r-release-linux-x86_64, r-release-macos-arm64, r-release-macos-x86_64, r-release-windows-x86_64, r-oldrel-macos-arm64, r-oldrel-macos-x86_64, r-oldrel-windows-x86_64