CRAN Package Check Results for Package fpow

Last updated on 2024-02-22 07:52:11 CET.

Flavor Version Tinstall Tcheck Ttotal Status Flags
r-devel-linux-x86_64-debian-clang 0.0-2 OK
r-devel-linux-x86_64-debian-gcc 0.0-2 2.06 14.92 16.98 OK
r-devel-linux-x86_64-fedora-clang 0.0-2 27.02 NOTE
r-devel-linux-x86_64-fedora-gcc 0.0-2 26.87 NOTE
r-devel-windows-x86_64 0.0-2 5.00 42.00 47.00 OK
r-patched-linux-x86_64 0.0-2 2.58 18.72 21.30 OK
r-release-linux-x86_64 0.0-2 2.05 18.58 20.63 OK
r-release-macos-arm64 0.0-2 19.00 OK
r-release-macos-x86_64 0.0-2 20.00 OK
r-release-windows-x86_64 0.0-2 5.00 38.00 43.00 OK
r-oldrel-macos-arm64 0.0-2 18.00 OK
r-oldrel-windows-x86_64 0.0-2 7.00 49.00 56.00 OK

Check Details

Version: 0.0-2
Check: compiled code
Result: NOTE File ‘fpow/libs/fpow.so’: Found no calls to: ‘R_registerRoutines’, ‘R_useDynamicSymbols’ It is good practice to register native routines and to disable symbol search. See ‘Writing portable packages’ in the ‘Writing R Extensions’ manual. Flavors: r-devel-linux-x86_64-fedora-clang, r-devel-linux-x86_64-fedora-gcc