CRAN Package Check Results for Package fpp2

Last updated on 2020-07-15 02:46:45 CEST.

Flavor Version Tinstall Tcheck Ttotal Status Flags
r-devel-linux-x86_64-debian-clang 2.3 7.06 65.91 72.97 OK
r-devel-linux-x86_64-debian-gcc 2.3 5.70 50.49 56.19 OK
r-devel-linux-x86_64-fedora-clang 2.3 94.90 OK
r-devel-linux-x86_64-fedora-gcc 2.3 89.87 OK
r-devel-windows-ix86+x86_64 2.3 24.00 112.00 136.00 OK
r-patched-linux-x86_64 2.3 6.57 63.36 69.93 OK
r-patched-solaris-x86 2.3 123.80 OK
r-release-linux-x86_64 2.3 7.31 63.76 71.07 OK
r-release-macos-x86_64 2.3 FAIL
r-release-windows-ix86+x86_64 2.3 31.00 86.00 117.00 OK
r-oldrel-macos-x86_64 2.3 NOTE
r-oldrel-windows-ix86+x86_64 2.3 36.00 116.00 152.00 OK

Check Details

Version: 2.3
Check: DESCRIPTION meta-information
Result: FAIL
Flavor: r-release-macos-x86_64

Version: 2.3
Check: package dependencies
Result: NOTE
    Package suggested but not available for checking: ‘seasonal’
Flavor: r-oldrel-macos-x86_64