CRAN Package Check Results for Package fpp2

Last updated on 2019-12-15 01:50:24 CET.

Flavor Version Tinstall Tcheck Ttotal Status Flags
r-devel-linux-x86_64-debian-clang 2.3 6.05 65.98 72.03 OK
r-devel-linux-x86_64-debian-gcc 2.3 5.23 51.82 57.05 OK
r-devel-linux-x86_64-fedora-clang 2.3 84.85 OK
r-devel-linux-x86_64-fedora-gcc 2.3 81.54 OK
r-devel-windows-ix86+x86_64 2.3 20.00 121.00 141.00 OK
r-devel-windows-ix86+x86_64-gcc8 2.3 17.00 132.00 149.00 OK
r-patched-linux-x86_64 2.3 5.45 57.35 62.80 OK
r-patched-solaris-x86 2.3 114.50 OK
r-release-linux-x86_64 2.3 5.41 56.88 62.29 OK
r-release-windows-ix86+x86_64 2.3 19.00 79.00 98.00 OK
r-release-osx-x86_64 2.3 NOTE
r-oldrel-windows-ix86+x86_64 2.3 9.00 78.00 87.00 OK
r-oldrel-osx-x86_64 2.3 OK

Check Details

Version: 2.3
Check: package dependencies
Result: NOTE
    Package suggested but not available for checking: ‘seasonal’
Flavor: r-release-osx-x86_64