CRAN Package Check Results for Package fpp3

Last updated on 2021-10-23 03:28:43 CEST.

Flavor Version Tinstall Tcheck Ttotal Status Flags
r-devel-linux-x86_64-debian-clang 0.4.0 7.98 67.87 75.85 OK
r-devel-linux-x86_64-debian-gcc 0.4.0 5.39 51.65 57.04 OK
r-devel-linux-x86_64-fedora-clang 0.4.0 100.79 NOTE
r-devel-linux-x86_64-fedora-gcc 0.4.0 88.98 NOTE
r-devel-windows-x86_64 0.4.0 13.00 92.00 105.00 OK
r-devel-windows-x86_64-gcc10-UCRT 0.4.0 NOTE
r-patched-linux-x86_64 0.4.0 8.86 63.19 72.05 OK
r-patched-solaris-x86 0.4.0 125.60 NOTE
r-release-linux-x86_64 0.4.0 6.75 63.63 70.38 OK
r-release-macos-arm64 0.4.0 NOTE
r-release-macos-x86_64 0.4.0 NOTE
r-release-windows-ix86+x86_64 0.4.0 15.00 87.00 102.00 OK
r-oldrel-macos-x86_64 0.4.0 NOTE
r-oldrel-windows-ix86+x86_64 0.4.0 21.00 90.00 111.00 OK

Check Details

Version: 0.4.0
Check: dependencies in R code
Result: NOTE
    Namespaces in Imports field not imported from:
     ‘dplyr’ ‘fable’ ‘fabletools’ ‘feasts’ ‘ggplot2’ ‘lubridate’ ‘tibble’
     ‘tidyr’ ‘tsibble’ ‘tsibbledata’ ‘urca’
     All declared Imports should be used.
Flavors: r-devel-linux-x86_64-fedora-clang, r-devel-linux-x86_64-fedora-gcc, r-devel-windows-x86_64-gcc10-UCRT, r-patched-solaris-x86, r-release-macos-arm64, r-release-macos-x86_64, r-oldrel-macos-x86_64