CRAN Package Check Results for Package fractional

Last updated on 2020-07-13 01:48:44 CEST.

Flavor Version Tinstall Tcheck Ttotal Status Flags
r-devel-linux-x86_64-debian-clang 0.1.3 18.78 33.84 52.62 OK
r-devel-linux-x86_64-debian-gcc 0.1.3 14.59 27.02 41.61 OK
r-devel-linux-x86_64-fedora-clang 0.1.3 76.52 NOTE
r-devel-linux-x86_64-fedora-gcc 0.1.3 66.31 NOTE
r-devel-windows-ix86+x86_64 0.1.3 52.00 89.00 141.00 OK
r-patched-linux-x86_64 0.1.3 13.48 33.10 46.58 OK
r-patched-solaris-x86 0.1.3 76.90 OK
r-release-linux-x86_64 0.1.3 14.15 32.97 47.12 OK
r-release-macos-x86_64 0.1.3 OK
r-release-windows-ix86+x86_64 0.1.3 51.00 68.00 119.00 OK
r-oldrel-macos-x86_64 0.1.3 OK
r-oldrel-windows-ix86+x86_64 0.1.3 47.00 62.00 109.00 OK

Check Details

Version: 0.1.3
Check: compiled code
Result: NOTE
    File ‘fractional/libs/fractional.so’:
     Found no calls to: ‘R_registerRoutines’, ‘R_useDynamicSymbols’
    
    It is good practice to register native routines and to disable symbol
    search.
    
    See ‘Writing portable packages’ in the ‘Writing R Extensions’ manual.
Flavors: r-devel-linux-x86_64-fedora-clang, r-devel-linux-x86_64-fedora-gcc