Last updated on 2023-03-31 07:53:25 CEST.
Flavor | Version | Tinstall | Tcheck | Ttotal | Status | Flags |
---|---|---|---|---|---|---|
r-devel-linux-x86_64-debian-clang | 0.2.1 | 23.24 | 36.31 | 59.55 | NOTE | |
r-devel-linux-x86_64-debian-gcc | 0.2.1 | 18.30 | 28.03 | 46.33 | NOTE | |
r-devel-linux-x86_64-fedora-clang | 0.2.1 | 89.90 | NOTE | |||
r-devel-linux-x86_64-fedora-gcc | 0.2.1 | 75.85 | NOTE | |||
r-devel-windows-x86_64 | 0.2.1 | 38.00 | 85.00 | 123.00 | NOTE | |
r-patched-linux-x86_64 | 0.2.1 | 20.52 | 34.77 | 55.29 | NOTE | |
r-release-linux-x86_64 | 0.2.1 | 22.03 | 36.44 | 58.47 | OK | |
r-release-macos-arm64 | 0.2.1 | 29.00 | OK | |||
r-release-macos-x86_64 | 0.2.1 | 35.00 | OK | |||
r-release-windows-x86_64 | 0.2.1 | 36.00 | 86.00 | 122.00 | OK | |
r-oldrel-macos-arm64 | 0.2.1 | 32.00 | OK | |||
r-oldrel-macos-x86_64 | 0.2.1 | 33.00 | OK | |||
r-oldrel-windows-ix86+x86_64 | 0.2.1 | 62.00 | 98.00 | 160.00 | OK |
Version: 0.2.1
Check: C++ specification
Result: NOTE
Specified C++11: please drop specification unless essential
Flavors: r-devel-linux-x86_64-debian-clang, r-devel-linux-x86_64-debian-gcc, r-devel-linux-x86_64-fedora-clang, r-devel-linux-x86_64-fedora-gcc, r-devel-windows-x86_64, r-patched-linux-x86_64