CRAN Package Check Results for Package frailtypack

Last updated on 2020-04-09 01:53:12 CEST.

Flavor Version Tinstall Tcheck Ttotal Status Flags
r-devel-linux-x86_64-debian-clang 3.1.0.1 193.62 215.72 409.34 NOTE
r-devel-linux-x86_64-debian-gcc 3.1.0.1 169.91 160.24 330.15 NOTE
r-devel-linux-x86_64-fedora-clang 3.1.0.1 542.86 NOTE
r-devel-linux-x86_64-fedora-gcc 3.1.0.1 572.68 NOTE
r-devel-windows-ix86+x86_64 3.1.0.1 406.00 375.00 781.00 NOTE
r-devel-windows-ix86+x86_64-gcc8 3.1.0 402.00 245.00 647.00 NOTE
r-patched-linux-x86_64 3.1.0.1 184.97 209.23 394.20 NOTE
r-patched-solaris-x86 3.1.0.1 1020.20 NOTE
r-release-linux-x86_64 3.1.0 183.51 189.37 372.88 OK
r-release-windows-ix86+x86_64 3.1.0 448.00 337.00 785.00 NOTE
r-release-osx-x86_64 3.1.0 NOTE
r-oldrel-windows-ix86+x86_64 3.1.0 542.00 241.00 783.00 NOTE
r-oldrel-osx-x86_64 3.1.0 NOTE

Additional issues

gcc10 gcc10

Check Details

Version: 3.1.0.1
Check: DESCRIPTION meta-information
Result: NOTE
    Dependence on R version '3.6.2' not with patchlevel 0
Flavors: r-devel-linux-x86_64-debian-clang, r-devel-linux-x86_64-debian-gcc, r-devel-linux-x86_64-fedora-clang, r-devel-linux-x86_64-fedora-gcc, r-patched-linux-x86_64

Version: 3.1.0.1
Check: installed package size
Result: NOTE
     installed size is 9.5Mb
     sub-directories of 1Mb or more:
     help 1.6Mb
     libs 6.0Mb
Flavors: r-devel-linux-x86_64-fedora-clang, r-devel-windows-ix86+x86_64, r-patched-solaris-x86

Version: 3.1.0.1
Check: dependencies in R code
Result: NOTE
    Namespaces in Imports field not imported from:
     ‘jsonlite’ ‘rhandsontable’ ‘shinyBS’ ‘shinydashboard’ ‘shinyjs’
     ‘shinythemes’
     All declared Imports should be used.
Flavors: r-devel-linux-x86_64-fedora-clang, r-devel-linux-x86_64-fedora-gcc, r-patched-solaris-x86

Version: 3.1.0
Check: installed package size
Result: NOTE
     installed size is 9.4Mb
     sub-directories of 1Mb or more:
     help 1.6Mb
     libs 6.0Mb
Flavors: r-devel-windows-ix86+x86_64-gcc8, r-release-windows-ix86+x86_64, r-release-osx-x86_64, r-oldrel-windows-ix86+x86_64, r-oldrel-osx-x86_64

Version: 3.1.0
Check: dependencies in R code
Result: NOTE
    Namespaces in Imports field not imported from:
     ‘jsonlite’ ‘rhandsontable’ ‘shinyBS’ ‘shinydashboard’ ‘shinyjs’
     ‘shinythemes’
     All declared Imports should be used.
Flavors: r-release-osx-x86_64, r-oldrel-osx-x86_64