Last updated on 2022-06-25 01:49:00 CEST.
Flavor | Version | Tinstall | Tcheck | Ttotal | Status | Flags |
---|---|---|---|---|---|---|
r-devel-linux-x86_64-debian-clang | 3.5.0 | 251.07 | 317.50 | 568.57 | OK | |
r-devel-linux-x86_64-debian-gcc | 3.5.0 | 222.32 | 227.59 | 449.91 | OK | |
r-devel-linux-x86_64-fedora-clang | 3.5.0 | 741.67 | NOTE | |||
r-devel-linux-x86_64-fedora-gcc | 3.5.0 | 741.45 | OK | |||
r-devel-windows-x86_64 | 3.5.0 | 401.00 | 322.00 | 723.00 | NOTE | |
r-patched-linux-x86_64 | 3.5.0 | 246.84 | 294.54 | 541.38 | OK | |
r-release-linux-x86_64 | 3.5.0 | 234.63 | 296.68 | 531.31 | OK | |
r-release-macos-arm64 | 3.5.0 | 294.00 | NOTE | |||
r-release-macos-x86_64 | 3.5.0 | 306.00 | NOTE | |||
r-release-windows-x86_64 | 3.5.0 | 637.00 | 322.00 | 959.00 | NOTE | |
r-oldrel-macos-arm64 | 3.5.0 | 263.00 | NOTE | |||
r-oldrel-macos-x86_64 | 3.5.0 | 252.00 | NOTE | |||
r-oldrel-windows-ix86+x86_64 | 3.5.0 | 607.00 | 381.00 | 988.00 | NOTE |
Version: 3.5.0
Check: installed package size
Result: NOTE
installed size is 10.9Mb
sub-directories of 1Mb or more:
R 1.2Mb
help 2.2Mb
libs 6.5Mb
Flavors: r-devel-linux-x86_64-fedora-clang, r-devel-windows-x86_64, r-release-macos-arm64, r-release-macos-x86_64, r-release-windows-x86_64, r-oldrel-macos-arm64, r-oldrel-macos-x86_64, r-oldrel-windows-ix86+x86_64