CRAN Package Check Results for Package fredr

Last updated on 2020-04-09 01:53:12 CEST.

Flavor Version Tinstall Tcheck Ttotal Status Flags
r-devel-linux-x86_64-debian-clang 1.0.0 3.14 38.76 41.90 ERROR
r-devel-linux-x86_64-debian-gcc 1.0.0 2.56 31.22 33.78 ERROR
r-devel-linux-x86_64-fedora-clang 1.0.0 51.08 ERROR
r-devel-linux-x86_64-fedora-gcc 1.0.0 51.01 ERROR
r-devel-windows-ix86+x86_64 1.0.0 8.00 95.00 103.00 ERROR
r-devel-windows-ix86+x86_64-gcc8 1.0.0 8.00 61.00 69.00 OK
r-patched-linux-x86_64 1.0.0 3.28 38.38 41.66 ERROR
r-patched-solaris-x86 1.0.0 68.70 NOTE
r-release-linux-x86_64 1.0.0 2.72 36.35 39.07 ERROR
r-release-windows-ix86+x86_64 1.0.0 7.00 84.00 91.00 ERROR
r-release-osx-x86_64 1.0.0 NOTE
r-oldrel-windows-ix86+x86_64 1.0.0 6.00 54.00 60.00 ERROR
r-oldrel-osx-x86_64 1.0.0 NOTE

Check Details

Version: 1.0.0
Check: tests
Result: ERROR
     Running 'testthat.R' [3s/5s]
    Running the tests in 'tests/testthat.R' failed.
    Complete output:
     > library(testthat)
     > library(fredr)
     >
     > test_check("fredr")
     -- 1. Failure: fredr_docs throws errors on invalid endpoints (@test_docs.R#8) -
     `fredr_docs(endpoint = "foo")` did not throw an error.
    
     -- 2. Failure: fredr_docs throws errors on invalid endpoints (@test_docs.R#9) -
     `fredr_docs(endpoint = "foo", params = TRUE)` did not throw an error.
    
     == testthat results ===========================================================
     [ OK: 65 | SKIPPED: 38 | WARNINGS: 0 | FAILED: 2 ]
     1. Failure: fredr_docs throws errors on invalid endpoints (@test_docs.R#8)
     2. Failure: fredr_docs throws errors on invalid endpoints (@test_docs.R#9)
    
     Error: testthat unit tests failed
     Execution halted
Flavor: r-devel-linux-x86_64-debian-clang

Version: 1.0.0
Check: tests
Result: ERROR
     Running ‘testthat.R’ [2s/6s]
    Running the tests in ‘tests/testthat.R’ failed.
    Complete output:
     > library(testthat)
     > library(fredr)
     >
     > test_check("fredr")
     ── 1. Failure: fredr_docs throws errors on invalid endpoints (@test_docs.R#8) ─
     `fredr_docs(endpoint = "foo")` did not throw an error.
    
     ── 2. Failure: fredr_docs throws errors on invalid endpoints (@test_docs.R#9) ─
     `fredr_docs(endpoint = "foo", params = TRUE)` did not throw an error.
    
     ══ testthat results ═══════════════════════════════════════════════════════════
     [ OK: 65 | SKIPPED: 38 | WARNINGS: 0 | FAILED: 2 ]
     1. Failure: fredr_docs throws errors on invalid endpoints (@test_docs.R#8)
     2. Failure: fredr_docs throws errors on invalid endpoints (@test_docs.R#9)
    
     Error: testthat unit tests failed
     Execution halted
Flavor: r-devel-linux-x86_64-debian-gcc

Version: 1.0.0
Check: data for non-ASCII characters
Result: NOTE
     Note: found 1 marked UTF-8 string
Flavors: r-devel-linux-x86_64-fedora-clang, r-devel-linux-x86_64-fedora-gcc, r-patched-solaris-x86, r-release-osx-x86_64, r-oldrel-osx-x86_64

Version: 1.0.0
Check: tests
Result: ERROR
     Running ‘testthat.R’
    Running the tests in ‘tests/testthat.R’ failed.
    Complete output:
     > library(testthat)
     > library(fredr)
     >
     > test_check("fredr")
     ── 1. Failure: fredr_docs throws errors on invalid endpoints (@test_docs.R#8) ─
     `fredr_docs(endpoint = "foo")` did not throw an error.
    
     ── 2. Failure: fredr_docs throws errors on invalid endpoints (@test_docs.R#9) ─
     `fredr_docs(endpoint = "foo", params = TRUE)` did not throw an error.
    
     ══ testthat results ═══════════════════════════════════════════════════════════
     [ OK: 65 | SKIPPED: 38 | WARNINGS: 0 | FAILED: 2 ]
     1. Failure: fredr_docs throws errors on invalid endpoints (@test_docs.R#8)
     2. Failure: fredr_docs throws errors on invalid endpoints (@test_docs.R#9)
    
     Error: testthat unit tests failed
     Execution halted
Flavors: r-devel-linux-x86_64-fedora-clang, r-devel-linux-x86_64-fedora-gcc

Version: 1.0.0
Check: tests
Result: ERROR
     Running 'testthat.R' [5s]
    Running the tests in 'tests/testthat.R' failed.
    Complete output:
     > library(testthat)
     > library(fredr)
     >
     > test_check("fredr")
     -- 1. Failure: fredr_docs throws errors on invalid endpoints (@test_docs.R#8) -
     `fredr_docs(endpoint = "foo")` did not throw an error.
    
     -- 2. Failure: fredr_docs throws errors on invalid endpoints (@test_docs.R#9) -
     `fredr_docs(endpoint = "foo", params = TRUE)` did not throw an error.
    
     == testthat results ===========================================================
     [ OK: 65 | SKIPPED: 38 | WARNINGS: 0 | FAILED: 2 ]
     1. Failure: fredr_docs throws errors on invalid endpoints (@test_docs.R#8)
     2. Failure: fredr_docs throws errors on invalid endpoints (@test_docs.R#9)
    
     Error: testthat unit tests failed
     Execution halted
Flavors: r-devel-windows-ix86+x86_64, r-release-windows-ix86+x86_64

Version: 1.0.0
Check: tests
Result: ERROR
     Running ‘testthat.R’ [3s/5s]
    Running the tests in ‘tests/testthat.R’ failed.
    Complete output:
     > library(testthat)
     > library(fredr)
     >
     > test_check("fredr")
     ── 1. Failure: fredr_docs throws errors on invalid endpoints (@test_docs.R#8) ─
     `fredr_docs(endpoint = "foo")` did not throw an error.
    
     ── 2. Failure: fredr_docs throws errors on invalid endpoints (@test_docs.R#9) ─
     `fredr_docs(endpoint = "foo", params = TRUE)` did not throw an error.
    
     ══ testthat results ═══════════════════════════════════════════════════════════
     [ OK: 65 | SKIPPED: 38 | WARNINGS: 0 | FAILED: 2 ]
     1. Failure: fredr_docs throws errors on invalid endpoints (@test_docs.R#8)
     2. Failure: fredr_docs throws errors on invalid endpoints (@test_docs.R#9)
    
     Error: testthat unit tests failed
     Execution halted
Flavor: r-patched-linux-x86_64

Version: 1.0.0
Check: tests
Result: ERROR
     Running ‘testthat.R’ [2s/5s]
    Running the tests in ‘tests/testthat.R’ failed.
    Complete output:
     > library(testthat)
     > library(fredr)
     >
     > test_check("fredr")
     ── 1. Failure: fredr_docs throws errors on invalid endpoints (@test_docs.R#8) ─
     `fredr_docs(endpoint = "foo")` did not throw an error.
    
     ── 2. Failure: fredr_docs throws errors on invalid endpoints (@test_docs.R#9) ─
     `fredr_docs(endpoint = "foo", params = TRUE)` did not throw an error.
    
     ══ testthat results ═══════════════════════════════════════════════════════════
     [ OK: 65 | SKIPPED: 38 | WARNINGS: 0 | FAILED: 2 ]
     1. Failure: fredr_docs throws errors on invalid endpoints (@test_docs.R#8)
     2. Failure: fredr_docs throws errors on invalid endpoints (@test_docs.R#9)
    
     Error: testthat unit tests failed
     Execution halted
Flavor: r-release-linux-x86_64

Version: 1.0.0
Check: tests
Result: ERROR
     Running 'testthat.R' [4s]
    Running the tests in 'tests/testthat.R' failed.
    Complete output:
     > library(testthat)
     > library(fredr)
     >
     > test_check("fredr")
     -- 1. Failure: fredr_docs throws errors on invalid endpoints (@test_docs.R#8) -
     `fredr_docs(endpoint = "foo")` did not throw an error.
    
     -- 2. Failure: fredr_docs throws errors on invalid endpoints (@test_docs.R#9) -
     `fredr_docs(endpoint = "foo", params = TRUE)` did not throw an error.
    
     == testthat results ===========================================================
     [ OK: 65 | SKIPPED: 38 | WARNINGS: 0 | FAILED: 2 ]
     1. Failure: fredr_docs throws errors on invalid endpoints (@test_docs.R#8)
     2. Failure: fredr_docs throws errors on invalid endpoints (@test_docs.R#9)
    
     Error: testthat unit tests failed
     Execution halted
Flavor: r-oldrel-windows-ix86+x86_64