CRAN Package Check Results for Package fstcore

Last updated on 2023-12-04 07:50:55 CET.

Flavor Version Tinstall Tcheck Ttotal Status Flags
r-devel-linux-x86_64-debian-clang 0.9.16 90.91 31.76 122.67 OK
r-devel-linux-x86_64-debian-gcc 0.9.18 53.36 24.28 77.64 OK
r-devel-linux-x86_64-fedora-clang 0.9.18 204.79 OK
r-devel-linux-x86_64-fedora-gcc 0.9.18 172.84 OK
r-devel-windows-x86_64 0.9.18 97.00 91.00 188.00 OK
r-patched-linux-x86_64 0.9.14 63.31 30.93 94.24 NOTE
r-release-linux-x86_64 0.9.18 67.64 31.05 98.69 OK
r-release-macos-arm64 0.9.18 59.00 OK
r-release-macos-x86_64 0.9.18 64.00 OK
r-release-windows-x86_64 0.9.18 109.00 82.00 191.00 OK
r-oldrel-macos-arm64 0.9.18 65.00 OK
r-oldrel-macos-x86_64 0.9.14 56.00 OK
r-oldrel-windows-x86_64 0.9.18 95.00 96.00 191.00 OK

Check Details

Version: 0.9.14
Check: C++ specification
Result: NOTE Specified C++11: please drop specification unless essential Flavor: r-patched-linux-x86_64