CRAN Package Check Results for Package fulltext

Last updated on 2020-07-05 01:49:13 CEST.

Flavor Version Tinstall Tcheck Ttotal Status Flags
r-devel-linux-x86_64-debian-clang 1.5.0 12.00 89.93 101.93 OK
r-devel-linux-x86_64-debian-gcc 1.5.0 10.18 67.31 77.49 OK
r-devel-linux-x86_64-fedora-clang 1.5.0 98.07 OK
r-devel-linux-x86_64-fedora-gcc 1.5.0 72.82 OK
r-devel-windows-ix86+x86_64 1.4.0 37.00 157.00 194.00 OK
r-patched-linux-x86_64 1.5.0 11.85 87.59 99.44 OK
r-patched-solaris-x86 1.5.0 165.40 OK
r-release-linux-x86_64 1.5.0 12.11 85.98 98.09 OK
r-release-osx-x86_64 1.4.0 OK
r-release-windows-ix86+x86_64 1.4.0 27.00 119.00 146.00 OK
r-oldrel-osx-x86_64 1.5.0 ERROR
r-oldrel-windows-ix86+x86_64 1.4.0 38.00 148.00 186.00 OK

Check Details

Version: 1.5.0
Check: whether package can be installed
Result: ERROR
    Installation failed.
Flavor: r-oldrel-osx-x86_64