Last updated on 2023-02-03 00:51:00 CET.
Flavor | Version | Tinstall | Tcheck | Ttotal | Status | Flags |
---|---|---|---|---|---|---|
r-devel-linux-x86_64-debian-clang | 1.2 | 9.57 | 84.32 | 93.89 | OK | |
r-devel-linux-x86_64-debian-gcc | 1.2 | 8.59 | 64.33 | 72.92 | OK | |
r-devel-linux-x86_64-fedora-clang | 1.2 | 117.85 | NOTE | |||
r-devel-linux-x86_64-fedora-gcc | 1.2 | 114.90 | NOTE | |||
r-patched-linux-x86_64 | 1.2 | 7.00 | 83.49 | 90.49 | OK | |
r-release-linux-x86_64 | 1.2 | 8.56 | 81.35 | 89.91 | OK | |
r-release-macos-arm64 | 1.2 | 38.00 | NOTE | |||
r-release-macos-x86_64 | 1.2 | 61.00 | NOTE | |||
r-release-windows-x86_64 | 1.2 | 14.00 | 126.00 | 140.00 | OK | |
r-oldrel-macos-arm64 | 1.2 | 35.00 | NOTE | |||
r-oldrel-macos-x86_64 | 1.2 | 52.00 | NOTE | |||
r-oldrel-windows-ix86+x86_64 | 1.2 | 24.00 | 112.00 | 136.00 | OK |
Version: 1.2
Check: data for non-ASCII characters
Result: NOTE
Note: found 120 marked UTF-8 strings
Flavors: r-devel-linux-x86_64-fedora-clang, r-devel-linux-x86_64-fedora-gcc, r-release-macos-arm64, r-release-macos-x86_64, r-oldrel-macos-arm64, r-oldrel-macos-x86_64