CRAN Package Check Results for Package functional

Last updated on 2022-07-26 01:58:12 CEST.

Flavor Version Tinstall Tcheck Ttotal Status Flags
r-devel-linux-x86_64-debian-clang 0.6 1.64 21.44 23.08 NOTE
r-devel-linux-x86_64-debian-gcc 0.6 1.53 16.34 17.87 NOTE
r-devel-linux-x86_64-fedora-clang 0.6 38.70 NOTE
r-devel-linux-x86_64-fedora-gcc 0.6 37.70 NOTE
r-devel-windows-x86_64 0.6 11.00 42.00 53.00 NOTE
r-patched-linux-x86_64 0.6 1.32 20.93 22.25 NOTE
r-release-linux-x86_64 0.6 1.99 20.54 22.53 NOTE
r-release-macos-arm64 0.6 16.00 NOTE
r-release-macos-x86_64 0.6 22.00 NOTE
r-release-windows-x86_64 0.6 6.00 42.00 48.00 NOTE
r-oldrel-macos-arm64 0.6 18.00 NOTE
r-oldrel-macos-x86_64 0.6 28.00 NOTE
r-oldrel-windows-ix86+x86_64 0.6 4.00 24.00 28.00 NOTE

Check Details

Version: 0.6
Check: DESCRIPTION meta-information
Result: NOTE
    Malformed Description field: should contain one or more complete sentences.
Flavors: r-devel-linux-x86_64-debian-clang, r-devel-linux-x86_64-debian-gcc, r-devel-linux-x86_64-fedora-clang, r-devel-linux-x86_64-fedora-gcc, r-devel-windows-x86_64, r-patched-linux-x86_64, r-release-linux-x86_64, r-release-macos-arm64, r-release-macos-x86_64, r-release-windows-x86_64, r-oldrel-macos-arm64, r-oldrel-macos-x86_64, r-oldrel-windows-ix86+x86_64