CRAN Package Check Results for Package fundiversity

Last updated on 2021-12-06 00:48:29 CET.

Flavor Version Tinstall Tcheck Ttotal Status Flags
r-devel-linux-x86_64-debian-clang 0.2.1 8.50 91.14 99.64 OK
r-devel-linux-x86_64-debian-gcc 0.2.1 5.60 71.84 77.44 OK
r-devel-linux-x86_64-fedora-clang 0.2.1 122.73 NOTE
r-devel-linux-x86_64-fedora-gcc 0.2.1 109.54 OK
r-devel-windows-x86_64-new-UL 0.2.1 16.00 147.00 163.00 OK
r-devel-windows-x86_64-new-TK 0.2.1 OK
r-devel-windows-x86_64-old 0.2.1 13.00 90.00 103.00 OK
r-patched-linux-x86_64 0.2.1 7.74 81.72 89.46 OK
r-release-linux-x86_64 0.2.1 7.34 89.85 97.19 OK
r-release-macos-arm64 0.2.1 OK
r-release-macos-x86_64 0.2.1 OK
r-release-windows-ix86+x86_64 0.2.1 19.00 114.00 133.00 OK
r-oldrel-macos-x86_64 0.2.1 OK
r-oldrel-windows-ix86+x86_64 0.2.1 19.00 117.00 136.00 OK

Check Details

Version: 0.2.1
Check: Rd cross-references
Result: NOTE
    Undeclared package ‘future’ in Rd xrefs
Flavor: r-devel-linux-x86_64-fedora-clang