CRAN Package Check Results for Package furrr

Last updated on 2020-10-24 01:48:21 CEST.

Flavor Version Tinstall Tcheck Ttotal Status Flags
r-devel-linux-x86_64-debian-clang 0.2.1 4.50 80.37 84.87 OK
r-devel-linux-x86_64-debian-gcc 0.2.1 3.19 60.27 63.46 OK
r-devel-linux-x86_64-fedora-clang 0.2.1 111.98 OK
r-devel-linux-x86_64-fedora-gcc 0.2.1 108.65 OK
r-devel-windows-ix86+x86_64 0.2.0 8.00 230.00 238.00 OK
r-patched-linux-x86_64 0.2.1 3.48 77.47 80.95 OK
r-patched-solaris-x86 0.2.1 386.10 OK
r-release-linux-x86_64 0.2.1 3.65 76.23 79.88 OK
r-release-macos-x86_64 0.2.1 OK
r-release-windows-ix86+x86_64 0.2.1 3.00 6.00 9.00 ERROR
r-oldrel-macos-x86_64 0.2.1 OK
r-oldrel-windows-ix86+x86_64 0.2.0 6.00 216.00 222.00 OK

Check Details

Version: 0.2.1
Check: whether package can be installed
Result: ERROR
    Installation failed.
Flavor: r-release-windows-ix86+x86_64