Last updated on 2021-01-19 00:47:22 CET.
Flavor | Version | Tinstall | Tcheck | Ttotal | Status | Flags |
---|---|---|---|---|---|---|
r-devel-linux-x86_64-debian-clang | 0.6.0 | 3.29 | 146.03 | 149.32 | OK | |
r-devel-linux-x86_64-debian-gcc | 0.6.0 | 2.65 | 112.82 | 115.47 | OK | |
r-devel-linux-x86_64-fedora-clang | 0.6.0 | 179.73 | NOTE | |||
r-devel-linux-x86_64-fedora-gcc | 0.6.0 | 173.49 | OK | |||
r-devel-windows-ix86+x86_64 | 0.6.0 | 5.00 | 131.00 | 136.00 | OK | |
r-patched-linux-x86_64 | 0.6.0 | 3.41 | 142.15 | 145.56 | OK | |
r-patched-solaris-x86 | 0.6.0 | 280.50 | OK | |||
r-release-linux-x86_64 | 0.6.0 | 3.25 | 144.72 | 147.97 | OK | |
r-release-macos-x86_64 | 0.6.0 | OK | ||||
r-release-windows-ix86+x86_64 | 0.6.0 | 6.00 | 126.00 | 132.00 | OK | |
r-oldrel-macos-x86_64 | 0.6.0 | OK | ||||
r-oldrel-windows-ix86+x86_64 | 0.6.0 | 4.00 | 112.00 | 116.00 | OK |
Version: 0.6.0
Check: Rd cross-references
Result: NOTE
Undeclared package ‘globals’ in Rd xrefs
Flavor: r-devel-linux-x86_64-fedora-clang