CRAN Package Check Results for Package gJLS2

Last updated on 2022-05-22 01:51:27 CEST.

Flavor Version Tinstall Tcheck Ttotal Status Flags
r-devel-linux-x86_64-debian-clang 0.2.0 11.39 108.23 119.62 OK
r-devel-linux-x86_64-debian-gcc 0.2.0 7.79 81.14 88.93 OK
r-devel-linux-x86_64-fedora-clang 0.2.0 140.30 NOTE
r-devel-linux-x86_64-fedora-gcc 0.2.0 134.05 NOTE
r-devel-windows-x86_64 0.2.0 17.00 128.00 145.00 OK
r-patched-linux-x86_64 0.2.0 10.89 101.74 112.63 OK
r-release-linux-x86_64 0.2.0 7.55 102.29 109.84 OK
r-release-macos-arm64 0.2.0 58.00 NOTE
r-release-macos-x86_64 0.2.0 65.00 NOTE
r-release-windows-x86_64 0.2.0 18.00 131.00 149.00 OK
r-oldrel-macos-arm64 0.2.0 43.00 NOTE
r-oldrel-macos-x86_64 0.2.0 55.00 NOTE
r-oldrel-windows-ix86+x86_64 0.2.0 24.00 117.00 141.00 OK

Check Details

Version: 0.2.0
Check: dependencies in R code
Result: NOTE
    Namespaces in Imports field not imported from:
     ‘MASS’ ‘MCMCpack’ ‘ggplot2’ ‘moments’
     All declared Imports should be used.
Flavors: r-devel-linux-x86_64-fedora-clang, r-devel-linux-x86_64-fedora-gcc, r-release-macos-arm64, r-release-macos-x86_64, r-oldrel-macos-arm64, r-oldrel-macos-x86_64