Last updated on 2023-11-28 07:53:03 CET.
Flavor | Version | Tinstall | Tcheck | Ttotal | Status | Flags |
---|---|---|---|---|---|---|
r-devel-linux-x86_64-debian-clang | 1.0.2 | 71.08 | 192.35 | 263.43 | OK | |
r-devel-linux-x86_64-debian-gcc | 1.0.2 | 43.96 | 152.20 | 196.16 | OK | |
r-devel-linux-x86_64-fedora-clang | 1.0.2 | 350.75 | OK | |||
r-devel-linux-x86_64-fedora-gcc | 1.0.2 | 329.35 | OK | |||
r-devel-windows-x86_64 | 1.0.2 | 55.00 | 180.00 | 235.00 | OK | |
r-patched-linux-x86_64 | 1.0.2 | 59.53 | 183.69 | 243.22 | OK | |
r-release-linux-x86_64 | 1.0.2 | 52.96 | 181.81 | 234.77 | OK | |
r-release-macos-arm64 | 1.0.2 | 103.00 | NOTE | |||
r-release-macos-x86_64 | 1.0.2 | 212.00 | NOTE | |||
r-release-windows-x86_64 | 1.0.2 | 69.00 | 221.00 | 290.00 | OK | |
r-oldrel-macos-arm64 | 1.0.2 | 100.00 | NOTE | |||
r-oldrel-macos-x86_64 | 1.0.2 | 123.00 | NOTE | |||
r-oldrel-windows-x86_64 | 1.0.2 | 64.00 | 226.00 | 290.00 | OK |
Version: 1.0.2
Check: installed package size
Result: NOTE
installed size is 7.1Mb
sub-directories of 1Mb or more:
libs 6.8Mb
Flavors: r-release-macos-arm64, r-release-macos-x86_64, r-oldrel-macos-arm64, r-oldrel-macos-x86_64