Last updated on 2022-08-14 01:49:15 CEST.
Flavor | Version | Tinstall | Tcheck | Ttotal | Status | Flags |
---|---|---|---|---|---|---|
r-devel-linux-x86_64-debian-clang | 1.4.7 | 11.53 | 286.60 | 298.13 | OK | |
r-devel-linux-x86_64-debian-gcc | 1.4.7 | 8.04 | 205.07 | 213.11 | OK | |
r-devel-linux-x86_64-fedora-clang | 1.4.7 | 336.75 | OK | |||
r-devel-linux-x86_64-fedora-gcc | 1.4.7 | 331.98 | OK | |||
r-devel-windows-x86_64 | 1.4.7 | 15.00 | 319.00 | 334.00 | OK | |
r-patched-linux-x86_64 | 1.4.7 | 13.25 | 261.18 | 274.43 | OK | |
r-release-linux-x86_64 | 1.4.7 | 9.94 | 264.40 | 274.34 | OK | |
r-release-macos-arm64 | 1.4.7 | 112.00 | NOTE | |||
r-release-macos-x86_64 | 1.4.7 | 226.00 | NOTE | |||
r-release-windows-x86_64 | 1.4.7 | 39.00 | 321.00 | 360.00 | OK | |
r-oldrel-macos-arm64 | 1.4.7 | 56.00 | NOTE | |||
r-oldrel-macos-x86_64 | 1.4.7 | 66.00 | NOTE | |||
r-oldrel-windows-ix86+x86_64 | 1.4.7 | 23.00 | 370.00 | 393.00 | OK |
Version: 1.4.7
Check: package dependencies
Result: NOTE
Package suggested but not available for checking: ‘webshot2’
Flavors: r-release-macos-arm64, r-oldrel-macos-arm64, r-oldrel-macos-x86_64
Version: 1.4.7
Check: package dependencies
Result: NOTE
Packages suggested but not available for checking: 'pdftools', 'webshot2'
Flavor: r-release-macos-x86_64