Last updated on 2023-02-04 00:50:54 CET.
Flavor | Version | Tinstall | Tcheck | Ttotal | Status | Flags |
---|---|---|---|---|---|---|
r-devel-linux-x86_64-debian-clang | 1.8.9 | 300.96 | 184.01 | 484.97 | OK | |
r-devel-linux-x86_64-debian-gcc | 1.8.9 | 241.00 | 137.41 | 378.41 | OK | |
r-devel-linux-x86_64-fedora-clang | 1.8.9 | 668.60 | WARN | |||
r-devel-linux-x86_64-fedora-gcc | 1.8.9 | 639.46 | OK | |||
r-devel-windows-x86_64 | 1.8.9 | 281.00 | 293.00 | 574.00 | OK | |
r-patched-linux-x86_64 | 1.8.9 | 249.05 | 175.23 | 424.28 | OK | |
r-release-linux-x86_64 | 1.8.9 | 240.46 | 166.33 | 406.79 | OK | |
r-release-macos-arm64 | 1.8.9 | 153.00 | NOTE | |||
r-release-macos-x86_64 | 1.8.9 | 196.00 | NOTE | |||
r-release-windows-x86_64 | 1.8.9 | 253.00 | 277.00 | 530.00 | OK | |
r-oldrel-macos-arm64 | 1.8.9 | 152.00 | NOTE | |||
r-oldrel-macos-x86_64 | 1.8.9 | 196.00 | NOTE | |||
r-oldrel-windows-ix86+x86_64 | 1.8.9 | 684.00 | 292.00 | 976.00 | NOTE |
Version: 1.8.9
Check: whether package can be installed
Result: WARN
Found the following significant warnings:
/data/gannet/ripley/R/test-clang/Rcpp/include/Rcpp/sugar/functions/sapply.h:36:26: warning: 'result_of<int (*(SEXPREC *))(SEXPREC *)>' is deprecated [-Wdeprecated-declarations]
See ‘/data/gannet/ripley/R/packages/tests-clang/gRbase.Rcheck/00install.out’ for details.
* used C compiler: ‘clang version 15.0.7’
* used C++ compiler: ‘clang version 15.0.7’
Flavor: r-devel-linux-x86_64-fedora-clang
Version: 1.8.9
Check: installed package size
Result: NOTE
installed size is 12.2Mb
sub-directories of 1Mb or more:
libs 10.2Mb
Flavors: r-release-macos-arm64, r-release-macos-x86_64, r-oldrel-macos-arm64, r-oldrel-macos-x86_64, r-oldrel-windows-ix86+x86_64