CRAN Package Check Results for Package gRbase

Last updated on 2022-06-27 01:49:53 CEST.

Flavor Version Tinstall Tcheck Ttotal Status Flags
r-devel-linux-x86_64-debian-clang 1.8.7 282.16 161.89 444.05 OK
r-devel-linux-x86_64-debian-gcc 1.8.7 222.79 127.40 350.19 OK
r-devel-linux-x86_64-fedora-clang 1.8.7 665.48 NOTE
r-devel-linux-x86_64-fedora-gcc 1.8.7 591.82 OK
r-devel-windows-x86_64 1.8.7 257.00 250.00 507.00 OK
r-patched-linux-x86_64 1.8.7 248.52 157.52 406.04 OK
r-release-linux-x86_64 1.8.7 252.63 163.50 416.13 OK
r-release-macos-arm64 1.8.7 147.00 NOTE
r-release-macos-x86_64 1.8.7 195.00 NOTE
r-release-windows-x86_64 1.8.7 246.00 247.00 493.00 OK
r-oldrel-macos-arm64 1.8.7 120.00 NOTE
r-oldrel-macos-x86_64 1.8.7 187.00 NOTE
r-oldrel-windows-ix86+x86_64 1.8.7 685.00 282.00 967.00 NOTE

Check Details

Version: 1.8.7
Check: installed package size
Result: NOTE
     installed size is 11.2Mb
     sub-directories of 1Mb or more:
     libs 8.9Mb
Flavors: r-devel-linux-x86_64-fedora-clang, r-release-macos-arm64, r-release-macos-x86_64, r-oldrel-macos-arm64, r-oldrel-macos-x86_64, r-oldrel-windows-ix86+x86_64