Last updated on 2023-10-02 07:56:28 CEST.
Flavor | Version | Tinstall | Tcheck | Ttotal | Status | Flags |
---|---|---|---|---|---|---|
r-devel-linux-x86_64-debian-clang | 2.0.0 | 294.50 | 145.70 | 440.20 | OK | |
r-devel-linux-x86_64-debian-gcc | 2.0.0 | 218.71 | 110.58 | 329.29 | OK | |
r-devel-linux-x86_64-fedora-clang | 2.0.0 | 647.51 | OK | |||
r-devel-linux-x86_64-fedora-gcc | 2.0.0 | 725.27 | OK | |||
r-devel-windows-x86_64 | 2.0.0 | 228.00 | 192.00 | 420.00 | OK | |
r-patched-linux-x86_64 | 2.0.0 | 297.51 | 142.83 | 440.34 | OK | |
r-release-linux-x86_64 | 2.0.0 | 305.30 | 142.46 | 447.76 | OK | |
r-release-macos-arm64 | 2.0.0 | 130.00 | NOTE | |||
r-release-macos-x86_64 | 2.0.0 | 250.00 | NOTE | |||
r-release-windows-x86_64 | 2.0.0 | 295.00 | 211.00 | 506.00 | OK | |
r-oldrel-macos-arm64 | 2.0.0 | 125.00 | NOTE | |||
r-oldrel-macos-x86_64 | 2.0.0 | 183.00 | NOTE | |||
r-oldrel-windows-x86_64 | 2.0.0 | 271.00 | 199.00 | 470.00 | OK |
Version: 2.0.0
Check: installed package size
Result: NOTE
installed size is 11.9Mb
sub-directories of 1Mb or more:
data 1.3Mb
libs 9.4Mb
Flavors: r-release-macos-arm64, r-release-macos-x86_64, r-oldrel-macos-arm64, r-oldrel-macos-x86_64