CRAN Package Check Results for Package gWidgets

Last updated on 2020-05-29 01:50:10 CEST.

Flavor Version Tinstall Tcheck Ttotal Status Flags
r-devel-linux-x86_64-debian-clang 0.0-54.2 17.85 60.98 78.83 OK
r-devel-linux-x86_64-debian-gcc 0.0-54.2 14.02 47.21 61.23 OK
r-devel-linux-x86_64-fedora-clang 0.0-54.2 96.13 NOTE
r-devel-linux-x86_64-fedora-gcc 0.0-54.2 97.16 OK
r-devel-windows-ix86+x86_64 0.0-54.2 26.00 93.00 119.00 WARN
r-patched-linux-x86_64 0.0-54.2 16.08 60.52 76.60 OK
r-patched-solaris-x86 0.0-54.2 128.80 OK
r-release-linux-x86_64 0.0-54.2 16.34 62.02 78.36 OK
r-release-osx-x86_64 0.0-54.2 OK
r-release-windows-ix86+x86_64 0.0-54.2 22.00 99.00 121.00 OK
r-oldrel-osx-x86_64 0.0-54.2 ERROR
r-oldrel-windows-ix86+x86_64 0.0-54.2 31.00 74.00 105.00 OK

Check Details

Version: 0.0-54.2
Check: package dependencies
Result: NOTE
    Suggests orphaned package: ‘gWidgetstcltk’
Flavor: r-devel-linux-x86_64-fedora-clang

Version: 0.0-54.2
Check: re-building of vignette outputs
Result: WARN
    Error(s) in re-building vignettes:
    --- re-building 'addingToolkit.Rnw' using Sweave
    --- finished re-building 'addingToolkit.Rnw'
    
    --- re-building 'gWidgets.Rnw' using Sweave
    Loading required package: gWidgets
    Loading required package: gWidgetstcltk
    Loading required package: tcltk
    Loading required package: digest
    SUMMARY: processing the following file failed:
     'gWidgets.Rnw'
    
    Error: Vignette re-building failed.
    Execution halted
Flavor: r-devel-windows-ix86+x86_64

Version: 0.0-54.2
Check: running R code from vignettes
Result: ERROR
    Errors in running code in vignettes:
    when running code in ‘gWidgets.Rnw’
     ...
    Loading required package: gWidgetstcltk
    Error: package or namespace load failed for ‘gWidgetstcltk’:
     .onAttach failed in attachNamespace() for 'gWidgetstcltk', details:
     call: structure(.External(.C_dotTcl, ...), class = "tclObj")
     error: [tcl] invalid command name "option".
    
    
     When sourcing ‘gWidgets.R’:
    Error: [tcl] invalid command name "toplevel".
    Execution halted
    
     ‘addingToolkit.Rnw’... [0s/0s] OK
     ‘gWidgets.Rnw’... failed
Flavor: r-oldrel-osx-x86_64

Version: 0.0-54.2
Check: re-building of vignette outputs
Result: NOTE
    Error(s) in re-building vignettes:
    --- re-building ‘addingToolkit.Rnw’ using Sweave
    --- finished re-building ‘addingToolkit.Rnw’
    
    --- re-building ‘gWidgets.Rnw’ using Sweave
    Loading required package: gWidgets
    Loading required package: gWidgetstcltk
    Loading required package: tcltk
    No protocol specified
    No protocol specified
    Warning in fun(libname, pkgname) : couldn't connect to display ":0"
    Loading required package: digest
    Error: package or namespace load failed for ‘gWidgetstcltk’:
     .onAttach failed in attachNamespace() for 'gWidgetstcltk', details:
     call: structure(.External(.C_dotTcl, ...), class = "tclObj")
     error: [tcl] invalid command name "option".
    
    Loading required package: gWidgetstcltk
    Error: package or namespace load failed for ‘gWidgetstcltk’:
     .onAttach failed in attachNamespace() for 'gWidgetstcltk', details:
     call: structure(.External(.C_dotTcl, ...), class = "tclObj")
     error: [tcl] invalid command name "option".
    
    Loading required package: gWidgetstcltk
    Error: package or namespace load failed for ‘gWidgetstcltk’:
     .onAttach failed in attachNamespace() for 'gWidgetstcltk', details:
     call: structure(.External(.C_dotTcl, ...), class = "tclObj")
     error: [tcl] invalid command name "option".
    
    
    Error: processing vignette 'gWidgets.Rnw' failed with diagnostics:
     chunk 3
    Error in structure(.External(.C_dotTclObjv, objv), class = "tclObj") :
     [tcl] invalid command name "toplevel".
    
    
    --- failed re-building ‘gWidgets.Rnw’
    
    SUMMARY: processing the following file failed:
     ‘gWidgets.Rnw’
    
    Error: Vignette re-building failed.
    Execution halted
Flavor: r-oldrel-osx-x86_64