CRAN Package Check Results for Package gaiah

Last updated on 2020-01-17 00:49:25 CET.

Flavor Version Tinstall Tcheck Ttotal Status Flags
r-devel-linux-x86_64-debian-clang 0.0.2 3.10 33.41 36.51 OK
r-devel-linux-x86_64-debian-gcc 0.0.2 2.45 25.63 28.08 OK
r-devel-linux-x86_64-fedora-clang 0.0.2 44.28 NOTE
r-devel-linux-x86_64-fedora-gcc 0.0.2 42.15 NOTE
r-devel-windows-ix86+x86_64 0.0.2 12.00 56.00 68.00 OK
r-devel-windows-ix86+x86_64-gcc8 0.0.2 10.00 65.00 75.00 OK
r-patched-linux-x86_64 0.0.2 2.86 30.09 32.95 OK
r-patched-solaris-x86 0.0.2 60.60 NOTE
r-release-linux-x86_64 0.0.2 2.47 29.98 32.45 OK
r-release-windows-ix86+x86_64 0.0.2 10.00 62.00 72.00 OK
r-release-osx-x86_64 0.0.2 NOTE
r-oldrel-windows-ix86+x86_64 0.0.2 9.00 43.00 52.00 OK
r-oldrel-osx-x86_64 0.0.2 NOTE

Check Details

Version: 0.0.2
Check: dependencies in R code
Result: NOTE
    Namespaces in Imports field not imported from:
     ‘ggplot2’ ‘maptools’ ‘rgeos’ ‘stringr’ ‘tidyr’
     All declared Imports should be used.
Flavors: r-devel-linux-x86_64-fedora-clang, r-devel-linux-x86_64-fedora-gcc, r-patched-solaris-x86, r-release-osx-x86_64, r-oldrel-osx-x86_64