CRAN Package Check Results for Package gaiah

Last updated on 2020-08-08 02:03:01 CEST.

Flavor Version Tinstall Tcheck Ttotal Status Flags
r-devel-linux-x86_64-debian-clang 0.0.4 4.85 47.74 52.59 OK
r-devel-linux-x86_64-debian-gcc 0.0.4 3.70 35.89 39.59 OK
r-devel-linux-x86_64-fedora-clang 0.0.4 69.98 NOTE
r-devel-linux-x86_64-fedora-gcc 0.0.4 58.89 NOTE
r-devel-windows-ix86+x86_64 0.0.4 13.00 82.00 95.00 OK
r-patched-linux-x86_64 0.0.4 4.95 45.90 50.85 OK
r-patched-solaris-x86 0.0.4 88.50 NOTE
r-release-linux-x86_64 0.0.4 3.99 45.71 49.70 OK
r-release-macos-x86_64 0.0.4 NOTE
r-release-windows-ix86+x86_64 0.0.4 13.00 57.00 70.00 OK
r-oldrel-macos-x86_64 0.0.4 NOTE
r-oldrel-windows-ix86+x86_64 0.0.4 8.00 57.00 65.00 OK

Check Details

Version: 0.0.4
Check: dependencies in R code
Result: NOTE
    Namespace in Imports field not imported from: ‘maptools’
     All declared Imports should be used.
Flavors: r-devel-linux-x86_64-fedora-clang, r-devel-linux-x86_64-fedora-gcc, r-patched-solaris-x86, r-release-macos-x86_64, r-oldrel-macos-x86_64