CRAN Package Check Results for Package gainML

Last updated on 2020-02-17 00:49:11 CET.

Flavor Version Tinstall Tcheck Ttotal Status Flags
r-devel-linux-x86_64-debian-clang 0.1.0 4.87 63.97 68.84 OK
r-devel-linux-x86_64-debian-gcc 0.1.0 4.24 48.40 52.64 OK
r-devel-linux-x86_64-fedora-clang 0.1.0 82.83 OK
r-devel-linux-x86_64-fedora-gcc 0.1.0 79.79 OK
r-devel-windows-ix86+x86_64 0.1.0 11.00 77.00 88.00 OK
r-devel-windows-ix86+x86_64-gcc8 0.1.0 16.00 109.00 125.00 OK
r-patched-linux-x86_64 0.1.0 3.83 55.91 59.74 OK
r-patched-solaris-x86 0.1.0 100.90 OK
r-release-linux-x86_64 0.1.0 4.60 55.30 59.90 OK
r-release-windows-ix86+x86_64 0.1.0 8.00 71.00 79.00 OK
r-release-osx-x86_64 0.1.0 OK
r-oldrel-osx-x86_64 0.1.0 ERROR

Check Details

Version: 0.1.0
Check: whether package can be installed
Result: ERROR
    Installation failed.
Flavor: r-oldrel-osx-x86_64