CRAN Package Check Results for Package galvanizer

Last updated on 2021-05-07 01:48:41 CEST.

Flavor Version Tinstall Tcheck Ttotal Status Flags
r-devel-linux-x86_64-debian-clang 0.5.1 6.87 60.29 67.16 NOTE
r-devel-linux-x86_64-debian-gcc 0.5.1 5.75 44.61 50.36 NOTE
r-devel-linux-x86_64-fedora-clang 0.5.1 89.34 NOTE
r-devel-linux-x86_64-fedora-gcc 0.5.1 76.72 NOTE
r-devel-windows-ix86+x86_64 0.5.1 17.00 75.00 92.00 NOTE
r-devel-windows-x86_64-gcc10-UCRT 0.5.1 NOTE
r-patched-linux-x86_64 0.5.1 6.96 56.45 63.41 NOTE
r-patched-solaris-x86 0.5.1 111.30 OK
r-release-linux-x86_64 0.5.1 6.69 55.00 61.69 OK
r-release-macos-x86_64 0.5.1 OK
r-release-windows-ix86+x86_64 0.5.1 13.00 58.00 71.00 OK
r-oldrel-macos-x86_64 0.5.1 OK
r-oldrel-windows-ix86+x86_64 0.5.1 14.00 71.00 85.00 OK

Check Details

Version: 0.5.1
Check: LazyData
Result: NOTE
     'LazyData' is specified without a 'data' directory
Flavors: r-devel-linux-x86_64-debian-clang, r-devel-linux-x86_64-debian-gcc, r-devel-linux-x86_64-fedora-clang, r-devel-linux-x86_64-fedora-gcc, r-devel-windows-ix86+x86_64, r-devel-windows-x86_64-gcc10-UCRT, r-patched-linux-x86_64