CRAN Package Check Results for Package gamlss

Last updated on 2020-04-08 01:48:56 CEST.

Flavor Version Tinstall Tcheck Ttotal Status Flags
r-devel-linux-x86_64-debian-clang 5.1-6 27.62 212.26 239.88 OK
r-devel-linux-x86_64-debian-gcc 5.1-6 23.18 158.78 181.96 OK
r-devel-linux-x86_64-fedora-clang 5.1-6 282.29 OK
r-devel-linux-x86_64-fedora-gcc 5.1-6 288.28 OK
r-devel-windows-ix86+x86_64 5.1-6 34.00 362.00 396.00 OK
r-devel-windows-ix86+x86_64-gcc8 5.1-6 37.00 262.00 299.00 OK
r-patched-linux-x86_64 5.1-6 31.78 207.77 239.55 OK
r-patched-solaris-x86 5.1-6 356.40 OK
r-release-linux-x86_64 5.1-6 24.52 193.87 218.39 OK
r-release-windows-ix86+x86_64 5.1-6 45.00 340.00 385.00 OK
r-release-osx-x86_64 5.1-6 OK
r-oldrel-windows-ix86+x86_64 5.1-6 48.00 236.00 284.00 NOTE
r-oldrel-osx-x86_64 5.1-6 NOTE

Check Details

Version: 5.1-6
Check: R code for possible problems
Result: NOTE
    lms: no visible global function definition for 'str2lang'
    Undefined global functions or variables:
     str2lang
Flavors: r-oldrel-windows-ix86+x86_64, r-oldrel-osx-x86_64