CRAN Package Check Results for Package gamlss.lasso

Last updated on 2022-07-05 01:52:11 CEST.

Flavor Version Tinstall Tcheck Ttotal Status Flags
r-devel-linux-x86_64-debian-clang 1.0-1 9.40 85.79 95.19 OK
r-devel-linux-x86_64-debian-gcc 1.0-1 7.67 65.32 72.99 OK
r-devel-linux-x86_64-fedora-clang 1.0-1 121.09 NOTE
r-devel-linux-x86_64-fedora-gcc 1.0-1 119.70 OK
r-devel-windows-x86_64 1.0-1 27.00 106.00 133.00 OK
r-patched-linux-x86_64 1.0-1 9.31 83.44 92.75 OK
r-release-linux-x86_64 1.0-1 9.57 82.94 92.51 OK
r-release-macos-arm64 1.0-1 37.00 OK
r-release-macos-x86_64 1.0-1 50.00 OK
r-release-windows-x86_64 1.0-1 17.00 110.00 127.00 OK
r-oldrel-macos-arm64 1.0-1 40.00 OK
r-oldrel-macos-x86_64 1.0-1 51.00 OK
r-oldrel-windows-ix86+x86_64 1.0-1 20.00 99.00 119.00 OK

Check Details

Version: 1.0-1
Check: Rd cross-references
Result: NOTE
    Undeclared packages ‘gamlss.dist’, ‘gamlss.add’ in Rd xrefs
Flavor: r-devel-linux-x86_64-fedora-clang