CRAN Package Check Results for Package gamreg

Last updated on 2019-12-07 00:53:32 CET.

Flavor Version Tinstall Tcheck Ttotal Status Flags
r-devel-linux-x86_64-debian-clang 0.3 40.30 68.74 109.04 OK
r-devel-linux-x86_64-debian-gcc 0.3 32.47 53.11 85.58 OK
r-devel-linux-x86_64-fedora-clang 0.3 133.54 OK
r-devel-linux-x86_64-fedora-gcc 0.3 140.02 OK
r-devel-windows-ix86+x86_64 0.3 91.00 148.00 239.00 ERROR
r-devel-windows-ix86+x86_64-gcc8 0.3 101.00 114.00 215.00 ERROR
r-patched-linux-x86_64 0.3 33.44 61.74 95.18 OK
r-patched-solaris-x86 0.3 175.60 OK
r-release-linux-x86_64 0.3 36.72 62.14 98.86 OK
r-release-windows-ix86+x86_64 0.3 76.00 110.00 186.00 ERROR
r-release-osx-x86_64 0.3 OK
r-oldrel-windows-ix86+x86_64 0.3 62.00 147.00 209.00 ERROR
r-oldrel-osx-x86_64 0.3 OK

Check Details

Version: 0.3
Check: running examples for arch ‘i386’
Result: ERROR
    Running examples in 'gamreg-Ex.R' failed
    The error most likely occurred in:
    
    > ### Name: cv.gam
    > ### Title: Robust Cross-Validation
    > ### Aliases: cv.gam
    >
    > ### ** Examples
    >
    > ## generate data
    > library(mvtnorm)
    > n <- 30 # number of observations
    > p <- 10 # number of expalanatory variables
    >
    > epsilon <- 0.1 # contamination ratio
    >
    > beta0 <- 0.0 # intercept
    > beta <- c(numeric(p)) # regression coefficients
    > beta[1] <- 1
    > beta[2] <- 2
    > beta[3] <- 3
    > beta[4] <- 4
    >
    > Sigma <- 0.2^t(sapply(1:p, function(i, j) abs(i-j), 1:p))
    > X <- rmvnorm(n, sigma=Sigma) # explanatory variables
    > e <- rnorm(n) # error terms
    >
    > i <- 1:ceiling(epsilon*n) # index of outliers
    > e[i] <- e[i] + 20 # vertical outliers
    > Y <- beta0*(numeric(n)+1) + X%*%beta
    >
    >
    > res <- cv.gam(X,Y,nlambda = 5, nlambda.LTS=20 ,init.mode="sLTS")
    Error in winsorize.matrix(cbind(x[, j], y), const = const, prob = prob, :
     function 'dataptr' not provided by package 'Rcpp'
    Calls: cv.gam ... sapply -> lapply -> FUN -> winsorize -> winsorize.matrix
    Execution halted
Flavors: r-devel-windows-ix86+x86_64, r-devel-windows-ix86+x86_64-gcc8, r-release-windows-ix86+x86_64, r-oldrel-windows-ix86+x86_64

Version: 0.3
Check: running examples for arch ‘x64’
Result: ERROR
    Running examples in 'gamreg-Ex.R' failed
    The error most likely occurred in:
    
    > ### Name: cv.gam
    > ### Title: Robust Cross-Validation
    > ### Aliases: cv.gam
    >
    > ### ** Examples
    >
    > ## generate data
    > library(mvtnorm)
    > n <- 30 # number of observations
    > p <- 10 # number of expalanatory variables
    >
    > epsilon <- 0.1 # contamination ratio
    >
    > beta0 <- 0.0 # intercept
    > beta <- c(numeric(p)) # regression coefficients
    > beta[1] <- 1
    > beta[2] <- 2
    > beta[3] <- 3
    > beta[4] <- 4
    >
    > Sigma <- 0.2^t(sapply(1:p, function(i, j) abs(i-j), 1:p))
    > X <- rmvnorm(n, sigma=Sigma) # explanatory variables
    > e <- rnorm(n) # error terms
    >
    > i <- 1:ceiling(epsilon*n) # index of outliers
    > e[i] <- e[i] + 20 # vertical outliers
    > Y <- beta0*(numeric(n)+1) + X%*%beta
    >
    >
    > res <- cv.gam(X,Y,nlambda = 5, nlambda.LTS=20 ,init.mode="sLTS")
    Error in winsorize.matrix(cbind(x[, j], y), const = const, prob = prob, :
     function 'dataptr' not provided by package 'Rcpp'
    Calls: cv.gam ... sapply -> lapply -> FUN -> winsorize -> winsorize.matrix
    Execution halted
Flavors: r-devel-windows-ix86+x86_64, r-devel-windows-ix86+x86_64-gcc8, r-release-windows-ix86+x86_64, r-oldrel-windows-ix86+x86_64