Last updated on 2023-12-05 07:48:32 CET.
Flavor | Version | Tinstall | Tcheck | Ttotal | Status | Flags |
---|---|---|---|---|---|---|
r-devel-linux-x86_64-debian-clang | 2.0-1 | 159.78 | 53.06 | 212.84 | OK | |
r-devel-linux-x86_64-debian-gcc | 2.0-1 | 104.25 | 40.81 | 145.06 | OK | |
r-devel-linux-x86_64-fedora-clang | 2.0-1 | 320.99 | OK | |||
r-devel-linux-x86_64-fedora-gcc | 2.0-1 | 314.39 | OK | |||
r-devel-windows-x86_64 | 2.0-1 | 112.00 | 88.00 | 200.00 | OK | |
r-patched-linux-x86_64 | 2.0-1 | 124.55 | 52.15 | 176.70 | OK | |
r-release-linux-x86_64 | 2.0-1 | 133.29 | 52.69 | 185.98 | OK | |
r-release-macos-arm64 | 2.0-1 | 84.00 | NOTE | |||
r-release-macos-x86_64 | 2.0-1 | 117.00 | NOTE | |||
r-release-windows-x86_64 | 2.0-1 | 146.00 | 97.00 | 243.00 | OK | |
r-oldrel-macos-arm64 | 2.0-1 | 67.00 | NOTE | |||
r-oldrel-macos-x86_64 | 2.0-1 | 88.00 | NOTE | |||
r-oldrel-windows-x86_64 | 2.0-1 | 139.00 | 98.00 | 237.00 | OK |
Version: 2.0-1
Check: installed package size
Result: NOTE
installed size is 6.0Mb
sub-directories of 1Mb or more:
libs 5.1Mb
Flavors: r-release-macos-arm64, r-release-macos-x86_64, r-oldrel-macos-arm64, r-oldrel-macos-x86_64