CRAN Package Check Results for Package gap

Last updated on 2021-03-02 00:47:26 CET.

Flavor Version Tinstall Tcheck Ttotal Status Flags
r-devel-linux-x86_64-debian-clang 1.2.2 OK
r-devel-linux-x86_64-debian-gcc 1.2.2 15.87 88.03 103.90 OK
r-devel-linux-x86_64-fedora-clang 1.2.2 182.20 NOTE
r-devel-linux-x86_64-fedora-gcc 1.2.2 170.48 OK
r-devel-windows-ix86+x86_64 1.2.2 43.00 98.00 141.00 OK
r-patched-linux-x86_64 1.2.2 20.02 112.68 132.70 OK
r-patched-solaris-x86 1.2.2 211.40 OK
r-release-linux-x86_64 1.2.2 20.04 113.03 133.07 OK
r-release-macos-x86_64 1.2.2 OK
r-release-windows-ix86+x86_64 1.2.2 41.00 153.00 194.00 OK
r-oldrel-macos-x86_64 1.2.2 OK
r-oldrel-windows-ix86+x86_64 1.2.2 40.00 122.00 162.00 OK

Check Details

Version: 1.2.2
Check: Rd cross-references
Result: NOTE
    Undeclared package ‘genetics’ in Rd xrefs
Flavor: r-devel-linux-x86_64-fedora-clang