CRAN Package Check Results for Package gapfill

Last updated on 2020-02-20 00:54:13 CET.

Flavor Version Tinstall Tcheck Ttotal Status Flags
r-devel-linux-x86_64-debian-clang 0.9.6 26.52 121.99 148.51 OK
r-devel-linux-x86_64-debian-gcc 0.9.6 18.46 91.67 110.13 OK
r-devel-linux-x86_64-fedora-clang 0.9.6 175.42 OK
r-devel-linux-x86_64-fedora-gcc 0.9.6 173.02 OK
r-devel-windows-ix86+x86_64 0.9.6 51.00 179.00 230.00 OK
r-devel-windows-ix86+x86_64-gcc8 0.9.6 74.00 263.00 337.00 OK
r-patched-linux-x86_64 0.9.6 19.38 100.65 120.03 OK
r-patched-solaris-x86 0.9.6 207.30 OK
r-release-linux-x86_64 0.9.6 18.77 101.28 120.05 OK
r-release-windows-ix86+x86_64 0.9.6 48.00 168.00 216.00 OK
r-release-osx-x86_64 0.9.6 NOTE
r-oldrel-windows-ix86+x86_64 0.9.6 40.00 174.00 214.00 OK
r-oldrel-osx-x86_64 0.9.6 NOTE

Check Details

Version: 0.9.6
Check: package dependencies
Result: NOTE
    Package which this enhances but not available for checking: ‘doMPI’
Flavors: r-release-osx-x86_64, r-oldrel-osx-x86_64