CRAN Package Check Results for Package gapfill

Last updated on 2020-09-29 01:48:28 CEST.

Flavor Version Tinstall Tcheck Ttotal Status Flags
r-devel-linux-x86_64-debian-clang 0.9.6 27.01 132.85 159.86 OK
r-devel-linux-x86_64-debian-gcc 0.9.6 20.13 97.95 118.08 OK
r-devel-linux-x86_64-fedora-clang 0.9.6 202.85 OK
r-devel-linux-x86_64-fedora-gcc 0.9.6 196.16 OK
r-devel-windows-ix86+x86_64 0.9.6 67.00 231.00 298.00 OK
r-patched-linux-x86_64 0.9.6 24.59 119.38 143.97 OK
r-patched-solaris-x86 0.9.6 243.80 OK
r-release-linux-x86_64 0.9.6 24.77 121.66 146.43 OK
r-release-macos-x86_64 0.9.6 NOTE
r-release-windows-ix86+x86_64 0.9.6 66.00 223.00 289.00 OK
r-oldrel-macos-x86_64 0.9.6 NOTE
r-oldrel-windows-ix86+x86_64 0.9.6 61.00 212.00 273.00 OK

Check Details

Version: 0.9.6
Check: package dependencies
Result: NOTE
    Package which this enhances but not available for checking: ‘doMPI’
Flavors: r-release-macos-x86_64, r-oldrel-macos-x86_64