CRAN Package Check Results for Package gaselect

Last updated on 2020-09-20 01:50:07 CEST.

Flavor Version Tinstall Tcheck Ttotal Status Flags
r-devel-linux-x86_64-debian-clang 1.0.9 158.16 57.23 215.39 OK
r-devel-linux-x86_64-debian-gcc 1.0.9 118.73 43.03 161.76 OK
r-devel-linux-x86_64-fedora-clang 1.0.9 318.68 NOTE
r-devel-linux-x86_64-fedora-gcc 1.0.9 294.63 OK
r-devel-windows-ix86+x86_64 1.0.9 355.00 122.00 477.00 OK
r-patched-linux-x86_64 1.0.9 126.13 60.81 186.94 OK
r-patched-solaris-x86 1.0.9 249.20 OK
r-release-linux-x86_64 1.0.9 126.17 61.68 187.85 OK
r-release-macos-x86_64 1.0.9 OK
r-release-windows-ix86+x86_64 1.0.9 361.00 112.00 473.00 OK
r-oldrel-macos-x86_64 1.0.9 OK
r-oldrel-windows-ix86+x86_64 1.0.9 235.00 132.00 367.00 OK

Check Details

Version: 1.0.9
Check: installed package size
Result: NOTE
     installed size is 5.1Mb
     sub-directories of 1Mb or more:
     libs 4.9Mb
Flavor: r-devel-linux-x86_64-fedora-clang