CRAN Package Check Results for Package gastempt

Last updated on 2020-07-09 01:57:40 CEST.

Flavor Version Tinstall Tcheck Ttotal Status Flags
r-devel-linux-x86_64-debian-clang 0.5.0 473.91 125.32 599.23 NOTE
r-devel-linux-x86_64-debian-gcc 0.5.0 426.85 111.80 538.65 NOTE
r-devel-linux-x86_64-fedora-clang 0.5.0 813.09 NOTE
r-devel-linux-x86_64-fedora-gcc 0.5.0 873.57 NOTE
r-devel-windows-ix86+x86_64 0.5.0 773.00 280.00 1053.00 NOTE
r-patched-linux-x86_64 0.5.0 386.40 142.24 528.64 NOTE
r-patched-solaris-x86 0.5.0 845.50 NOTE
r-release-linux-x86_64 0.5.0 377.89 143.73 521.62 NOTE
r-release-osx-x86_64 0.5.0 NOTE
r-release-windows-ix86+x86_64 0.5.0 781.00 240.00 1021.00 NOTE
r-oldrel-osx-x86_64 0.5.0 NOTE
r-oldrel-windows-ix86+x86_64 0.5.0 861.00 312.00 1173.00 NOTE

Check Details

Version: 0.5.0
Check: for GNU extensions in Makefiles
Result: NOTE
    GNU make is a SystemRequirements.
Flavors: r-devel-linux-x86_64-debian-clang, r-devel-linux-x86_64-debian-gcc, r-devel-linux-x86_64-fedora-clang, r-devel-linux-x86_64-fedora-gcc, r-devel-windows-ix86+x86_64, r-patched-linux-x86_64, r-patched-solaris-x86, r-release-linux-x86_64, r-release-osx-x86_64, r-release-windows-ix86+x86_64, r-oldrel-osx-x86_64, r-oldrel-windows-ix86+x86_64

Version: 0.5.0
Check: installed package size
Result: NOTE
     installed size is 87.9Mb
     sub-directories of 1Mb or more:
     libs 87.4Mb
Flavors: r-devel-linux-x86_64-fedora-clang, r-devel-windows-ix86+x86_64, r-patched-solaris-x86, r-release-osx-x86_64, r-release-windows-ix86+x86_64, r-oldrel-osx-x86_64, r-oldrel-windows-ix86+x86_64

Version: 0.5.0
Check: dependencies in R code
Result: NOTE
    Namespace in Imports field not imported from: ‘methods’
     All declared Imports should be used.
Flavors: r-devel-linux-x86_64-fedora-clang, r-devel-linux-x86_64-fedora-gcc, r-patched-solaris-x86, r-release-osx-x86_64, r-oldrel-osx-x86_64