CRAN Package Check Results for Package gastempt

Last updated on 2019-12-06 00:49:56 CET.

Flavor Version Tinstall Tcheck Ttotal Status Flags
r-devel-linux-x86_64-debian-clang 0.4.4 676.91 136.37 813.28 NOTE
r-devel-linux-x86_64-debian-gcc 0.4.4 666.68 134.68 801.36 NOTE
r-devel-linux-x86_64-fedora-clang 0.4.4 1096.22 NOTE
r-devel-linux-x86_64-fedora-gcc 0.4.4 1378.11 NOTE
r-devel-windows-ix86+x86_64 0.4.4 1185.00 351.00 1536.00 NOTE
r-devel-windows-ix86+x86_64-gcc8 0.4.4 1172.00 282.00 1454.00 NOTE
r-patched-linux-x86_64 0.4.4 661.35 152.17 813.52 NOTE
r-patched-solaris-x86 0.4.4 1043.60 NOTE
r-release-linux-x86_64 0.4.4 666.75 150.76 817.51 NOTE
r-release-windows-ix86+x86_64 0.4.4 1086.00 221.00 1307.00 NOTE
r-release-osx-x86_64 0.4.4 NOTE
r-oldrel-windows-ix86+x86_64 0.4.4 1116.00 306.00 1422.00 NOTE
r-oldrel-osx-x86_64 0.4.4 NOTE

Check Details

Version: 0.4.4
Check: for GNU extensions in Makefiles
Result: NOTE
    GNU make is a SystemRequirements.
Flavors: r-devel-linux-x86_64-debian-clang, r-devel-linux-x86_64-debian-gcc, r-devel-linux-x86_64-fedora-clang, r-devel-linux-x86_64-fedora-gcc, r-devel-windows-ix86+x86_64, r-devel-windows-ix86+x86_64-gcc8, r-patched-linux-x86_64, r-patched-solaris-x86, r-release-linux-x86_64, r-release-windows-ix86+x86_64, r-release-osx-x86_64, r-oldrel-windows-ix86+x86_64, r-oldrel-osx-x86_64

Version: 0.4.4
Check: installed package size
Result: NOTE
     installed size is 106.1Mb
     sub-directories of 1Mb or more:
     libs 105.7Mb
Flavors: r-devel-linux-x86_64-fedora-clang, r-devel-windows-ix86+x86_64, r-devel-windows-ix86+x86_64-gcc8, r-patched-solaris-x86, r-release-windows-ix86+x86_64, r-release-osx-x86_64, r-oldrel-windows-ix86+x86_64, r-oldrel-osx-x86_64

Version: 0.4.4
Check: dependencies in R code
Result: NOTE
    Namespaces in Imports field not imported from:
     ‘methods’ ‘rstantools’
     All declared Imports should be used.
Flavors: r-devel-linux-x86_64-fedora-clang, r-devel-linux-x86_64-fedora-gcc, r-patched-solaris-x86, r-release-osx-x86_64, r-oldrel-osx-x86_64